CRAN Package Check Results for Package RcppXsimd

Last updated on 2025-10-22 09:50:48 CEST.

Flavor Version Tinstall Tcheck Ttotal Status Flags
r-devel-linux-x86_64-debian-clang 7.1.6 11.20 36.89 48.09 NOTE
r-devel-linux-x86_64-debian-gcc 7.1.6 7.31 31.36 38.67 NOTE
r-devel-linux-x86_64-fedora-clang 7.1.6 50.00 46.16 96.16 NOTE
r-devel-linux-x86_64-fedora-gcc 7.1.6 22.00 50.50 72.50 NOTE
r-devel-windows-x86_64 7.1.6 20.00 75.00 95.00 NOTE
r-patched-linux-x86_64 7.1.6 10.98 33.37 44.35 NOTE
r-release-linux-x86_64 7.1.6 10.68 33.46 44.14 NOTE
r-release-macos-arm64 7.1.6 5.00 18.00 23.00 NOTE
r-release-macos-x86_64 7.1.6 10.00 50.00 60.00 NOTE
r-release-windows-x86_64 7.1.6 18.00 75.00 93.00 NOTE
r-oldrel-macos-arm64 7.1.6 5.00 17.00 22.00 NOTE
r-oldrel-macos-x86_64 7.1.6 7.00 32.00 39.00 NOTE
r-oldrel-windows-x86_64 7.1.6 20.00 85.00 105.00 NOTE

Check Details

Version: 7.1.6
Check: CRAN incoming feasibility
Result: NOTE Maintainer: ‘Marc A. Suchard <msuchard@ucla.edu>’ Package CITATION file contains call(s) to old-style citEntry(). Please use bibentry() instead. Flavors: r-devel-linux-x86_64-debian-clang, r-devel-linux-x86_64-debian-gcc

Version: 7.1.6
Check: C++ specification
Result: NOTE Specified C++14: please drop specification unless essential Flavors: r-devel-linux-x86_64-debian-clang, r-devel-linux-x86_64-debian-gcc, r-devel-linux-x86_64-fedora-clang, r-devel-linux-x86_64-fedora-gcc, r-devel-windows-x86_64, r-patched-linux-x86_64, r-release-linux-x86_64, r-release-macos-arm64, r-release-macos-x86_64, r-release-windows-x86_64, r-oldrel-macos-arm64, r-oldrel-macos-x86_64, r-oldrel-windows-x86_64