CRAN Package Check Results for Package RcppFarmHash

Last updated on 2025-11-11 10:50:12 CET.

Flavor Version Tinstall Tcheck Ttotal Status Flags
r-devel-linux-x86_64-debian-clang 0.0.3 10.78 24.39 35.17 NOTE
r-devel-linux-x86_64-debian-gcc 0.0.3 7.59 19.96 27.55 NOTE
r-devel-linux-x86_64-fedora-clang 0.0.3 22.00 34.17 56.17 OK
r-devel-linux-x86_64-fedora-gcc 0.0.3 21.00 30.46 51.46 OK
r-devel-windows-x86_64 0.0.3 14.00 61.00 75.00 OK
r-patched-linux-x86_64 0.0.3 10.90 21.93 32.83 OK
r-release-linux-x86_64 0.0.3 11.03 22.34 33.37 OK
r-release-macos-arm64 0.0.3 8.00 16.00 24.00 OK
r-release-macos-x86_64 0.0.3 14.00 29.00 43.00 OK
r-release-windows-x86_64 0.0.3 15.00 71.00 86.00 OK
r-oldrel-macos-arm64 0.0.3 7.00 15.00 22.00 OK
r-oldrel-macos-x86_64 0.0.3 11.00 23.00 34.00 OK
r-oldrel-windows-x86_64 0.0.3 16.00 107.00 123.00 OK

Check Details

Version: 0.0.3
Check: CRAN incoming feasibility
Result: NOTE Maintainer: ‘Dirk Eddelbuettel <edd@debian.org>’ No Authors@R field in DESCRIPTION. Please add one, modifying Authors@R: person(given = "Dirk", family = "Eddelbuettel", role = c("aut", "cre"), email = "edd@debian.org") as necessary. Flavors: r-devel-linux-x86_64-debian-clang, r-devel-linux-x86_64-debian-gcc