Last updated on 2025-11-10 10:51:36 CET.
| Flavor | Version | Tinstall | Tcheck | Ttotal | Status | Flags |
|---|---|---|---|---|---|---|
| r-devel-linux-x86_64-debian-clang | 0.2.7 | 70.63 | 70.75 | 141.38 | OK | |
| r-devel-linux-x86_64-debian-gcc | 0.2.7 | 53.85 | 46.56 | 100.41 | OK | |
| r-devel-linux-x86_64-fedora-clang | 0.2.7 | 155.00 | 81.79 | 236.79 | OK | |
| r-devel-linux-x86_64-fedora-gcc | 0.2.7 | 107.00 | 144.64 | 251.64 | OK | |
| r-devel-windows-x86_64 | 0.2.7 | 78.00 | 124.00 | 202.00 | OK | |
| r-patched-linux-x86_64 | 0.2.7 | 75.49 | 66.20 | 141.69 | OK | |
| r-release-linux-x86_64 | 0.2.7 | 74.14 | 67.14 | 141.28 | OK | |
| r-release-macos-arm64 | 0.2.7 | 28.00 | 30.00 | 58.00 | OK | |
| r-release-macos-x86_64 | 0.2.7 | 27.00 | 53.00 | 80.00 | OK | |
| r-release-windows-x86_64 | 0.2.7 | 83.00 | 125.00 | 208.00 | OK | |
| r-oldrel-macos-arm64 | 0.2.7 | 29.00 | 39.00 | 68.00 | NOTE | |
| r-oldrel-macos-x86_64 | 0.2.7 | 35.00 | 70.00 | 105.00 | NOTE | |
| r-oldrel-windows-x86_64 | 0.2.7 | 74.00 | 171.00 | 245.00 | OK |
Version: 0.2.7
Check: installed package size
Result: NOTE
installed size is 9.6Mb
sub-directories of 1Mb or more:
libs 9.4Mb
Flavors: r-oldrel-macos-arm64, r-oldrel-macos-x86_64