Last updated on 2025-11-12 10:52:54 CET.
| Flavor | Version | Tinstall | Tcheck | Ttotal | Status | Flags |
|---|---|---|---|---|---|---|
| r-devel-linux-x86_64-debian-clang | 3.2 | 28.97 | 238.99 | 267.96 | NOTE | |
| r-devel-linux-x86_64-debian-gcc | 3.2 | 22.74 | 175.37 | 198.11 | NOTE | |
| r-devel-linux-x86_64-fedora-clang | 3.2 | 74.00 | 360.05 | 434.05 | OK | |
| r-devel-linux-x86_64-fedora-gcc | 3.2 | 75.00 | 339.63 | 414.63 | OK | |
| r-devel-windows-x86_64 | 3.2 | 49.00 | 346.00 | 395.00 | OK | |
| r-patched-linux-x86_64 | 3.2 | 34.01 | 249.04 | 283.05 | OK | |
| r-release-linux-x86_64 | 3.2 | 33.92 | 245.30 | 279.22 | OK | |
| r-release-macos-arm64 | 3.2 | 31.00 | 183.00 | 214.00 | OK | |
| r-release-macos-x86_64 | 3.2 | 32.00 | 208.00 | 240.00 | OK | |
| r-release-windows-x86_64 | 3.2 | 49.00 | 313.00 | 362.00 | OK | |
| r-oldrel-macos-arm64 | 3.2 | 22.00 | 134.00 | 156.00 | OK | |
| r-oldrel-macos-x86_64 | 3.2 | 27.00 | 164.00 | 191.00 | OK | |
| r-oldrel-windows-x86_64 | 3.2 | 46.00 | 307.00 | 353.00 | OK |
Version: 3.2
Check: CRAN incoming feasibility
Result: NOTE
Maintainer: ‘Arto Luoma <arto.luoma@wippies.com>’
No Authors@R field in DESCRIPTION.
Please add one, modifying
Authors@R: person(given = "Arto",
family = "Luoma",
role = c("aut", "cre"),
email = "arto.luoma@wippies.com")
as necessary.
Flavors: r-devel-linux-x86_64-debian-clang, r-devel-linux-x86_64-debian-gcc