Last updated on 2025-10-21 09:48:45 CEST.
Flavor | Version | Tinstall | Tcheck | Ttotal | Status | Flags |
---|---|---|---|---|---|---|
r-devel-linux-x86_64-debian-clang | 1.0-4 | 4.80 | 46.82 | 51.62 | NOTE | |
r-devel-linux-x86_64-debian-gcc | 1.0-4 | 3.26 | 35.43 | 38.69 | NOTE | |
r-devel-linux-x86_64-fedora-clang | 1.0-4 | 79.71 | OK | |||
r-devel-linux-x86_64-fedora-gcc | 1.0-4 | 87.75 | OK | |||
r-devel-windows-x86_64 | 1.0-4 | 6.00 | 71.00 | 77.00 | OK | |
r-patched-linux-x86_64 | 1.0-4 | 4.56 | 44.74 | 49.30 | OK | |
r-release-linux-x86_64 | 1.0-4 | 4.52 | 45.11 | 49.63 | OK | |
r-release-macos-arm64 | 1.0-4 | 39.00 | OK | |||
r-release-macos-x86_64 | 1.0-4 | 88.00 | OK | |||
r-release-windows-x86_64 | 1.0-4 | 7.00 | 75.00 | 82.00 | OK | |
r-oldrel-macos-arm64 | 1.0-4 | 32.00 | OK | |||
r-oldrel-macos-x86_64 | 1.0-4 | 57.00 | OK | |||
r-oldrel-windows-x86_64 | 1.0-4 | 9.00 | 81.00 | 90.00 | OK |
Version: 1.0-4
Check: CRAN incoming feasibility
Result: NOTE
Maintainer: ‘Jan C. Thiele <rnetlogo@gmx.de>’
No Authors@R field in DESCRIPTION.
Please add one, modifying
Authors@R: person(given = c("Jan", "C."),
family = "Thiele",
role = c("aut", "cre"),
email = "rnetlogo@gmx.de")
as necessary.
Package CITATION file contains call(s) to old-style personList() or
as.personList(). Please use c() on person objects instead.
Package CITATION file contains call(s) to old-style citEntry(). Please
use bibentry() instead.
Flavors: r-devel-linux-x86_64-debian-clang, r-devel-linux-x86_64-debian-gcc
Version: 1.0-4
Check: top-level files
Result: NOTE
Found the following validation problem for the NEWS.Rd HTML conversion:
NEWS.html:338:1 (inst/NEWS.Rd:305): Warning: missing </ul> before </div>
NEWS.html:58:1 (inst/NEWS.Rd:68): Warning: <h4> anchor "NEW-FEATURES" already defined
NEWS.html:79:1 (inst/NEWS.Rd:83): Warning: <h4> anchor "NEW-FEATURES" already defined
NEWS.html:93:1 (inst/NEWS.Rd:91): Warning: <h4> anchor "BUG-FIXES" already defined
NEWS.html:111:1 (inst/NEWS.Rd:105): Warning: <h4> anchor "NEW-FEATURES" already defined
NEWS.html:122:1 (inst/NEWS.Rd:112): Warning: <h4> anchor "BUG-FIXES" already defined
NEWS.html:137:1 (inst/NEWS.Rd:126): Warning: <h4> anchor "NEW-FEATURES" already defined
NEWS.html:155:1 (inst/NEWS.Rd:146): Warning: <h4> anchor "BUG-FIXES" already defined
NEWS.html:169:1 (inst/NEWS.Rd:156): Warning: <h4> anchor "NEW-FEATURES" already defined
NEWS.html:193:1 (inst/NEWS.Rd:176): Warning: <h4> anchor "BUG-FIXES" already defined
NEWS.html:208:1 (inst/NEWS.Rd:195): Warning: <h4> anchor "BUG-FIXES" already defined
NEWS.html:236:1 (inst/NEWS.Rd:215): Warning: <h4> anchor "NEW-FEATURES" already defined
NEWS.html:254:1 (inst/NEWS.Rd:234): Warning: <h4> anchor "NEW-FUNCTIONS" already defined
NEWS.html:265:1 (inst/NEWS.Rd:242): Warning: <h4> anchor "NEW-FEATURES" already defined
NEWS.html:295:1 (inst/NEWS.Rd:266): Warning: <h4> anchor "BUG-FIXES" already defined
NEWS.html:306:1 (inst/NEWS.Rd:276): Warning: <h4> anchor "NEW-FEATURES" already defined
NEWS.html:324:1 (inst/NEWS.Rd:296): Warning: <h4> anchor "BUG-FIXES" already defined
Flavor: r-devel-linux-x86_64-debian-gcc