Last updated on 2025-10-21 09:48:45 CEST.
Flavor | Version | Tinstall | Tcheck | Ttotal | Status | Flags |
---|---|---|---|---|---|---|
r-devel-linux-x86_64-debian-clang | 1.0.3 | 4.02 | 31.07 | 35.09 | OK | |
r-devel-linux-x86_64-debian-gcc | 1.0.3 | 2.77 | 25.23 | 28.00 | NOTE | |
r-devel-linux-x86_64-fedora-clang | 1.0.3 | 52.97 | OK | |||
r-devel-linux-x86_64-fedora-gcc | 1.0.3 | 64.57 | OK | |||
r-devel-windows-x86_64 | 1.0.3 | 5.00 | 49.00 | 54.00 | OK | |
r-patched-linux-x86_64 | 1.0.3 | 4.02 | 28.47 | 32.49 | OK | |
r-release-linux-x86_64 | 1.0.3 | 3.47 | 28.73 | 32.20 | OK | |
r-release-macos-arm64 | 1.0.3 | 27.00 | OK | |||
r-release-macos-x86_64 | 1.0.3 | 82.00 | OK | |||
r-release-windows-x86_64 | 1.0.3 | 6.00 | 53.00 | 59.00 | OK | |
r-oldrel-macos-arm64 | 1.0.3 | 32.00 | OK | |||
r-oldrel-macos-x86_64 | 1.0.3 | 61.00 | OK | |||
r-oldrel-windows-x86_64 | 1.0.3 | 6.00 | 62.00 | 68.00 | OK |
Version: 1.0.3
Check: HTML version of manual
Result: NOTE
Found the following HTML validation problems:
EscalationRule.html:285:1 (EscalationRule.Rd:165): Warning: missing </ul> before </div>
EscalationRule.html:130:1 (EscalationRule.Rd:72): Warning: <h5> anchor "Usage" already defined
EscalationRule.html:136:1 (EscalationRule.Rd:76): Warning: <h5> anchor "Arguments" already defined
EscalationRule.html:175:1 (EscalationRule.Rd:101): Warning: <h5> anchor "Usage" already defined
EscalationRule.html:181:1 (EscalationRule.Rd:105): Warning: <h5> anchor "Arguments" already defined
EscalationRule.html:194:1 (EscalationRule.Rd:112): Warning: <h5> anchor "Returns" already defined
EscalationRule.html:211:1 (EscalationRule.Rd:121): Warning: <h5> anchor "Usage" already defined
EscalationRule.html:217:1 (EscalationRule.Rd:125): Warning: <h5> anchor "Arguments" already defined
EscalationRule.html:246:1 (EscalationRule.Rd:144): Warning: <h5> anchor "Usage" already defined
EscalationRule.html:262:1 (EscalationRule.Rd:154): Warning: <h5> anchor "Usage" already defined
EscalationRule.html:268:1 (EscalationRule.Rd:158): Warning: <h5> anchor "Arguments" already defined
clean_python_settings.html:46:1 (clean_python_settings.Rd:10): Warning: missing </ul> before </div>
setup_python.html:47:1 (setup_python.Rd:10): Warning: missing </ul> before </div>
Flavor: r-devel-linux-x86_64-debian-gcc