Last updated on 2025-10-21 09:48:40 CEST.
Flavor | Version | Tinstall | Tcheck | Ttotal | Status | Flags |
---|---|---|---|---|---|---|
r-devel-linux-x86_64-debian-clang | 3.1.1 | 46.86 | 217.38 | 264.24 | OK | |
r-devel-linux-x86_64-debian-gcc | 3.1.1 | 30.48 | 138.61 | 169.09 | NOTE | |
r-devel-linux-x86_64-fedora-clang | 3.1.1 | 403.21 | OK | |||
r-devel-linux-x86_64-fedora-gcc | 3.1.1 | 394.58 | OK | |||
r-devel-windows-x86_64 | 3.1.1 | 54.00 | 238.00 | 292.00 | OK | |
r-patched-linux-x86_64 | 3.1.1 | 50.89 | 193.14 | 244.03 | OK | |
r-release-linux-x86_64 | 3.1.1 | 47.38 | 193.68 | 241.06 | OK | |
r-release-macos-arm64 | 3.1.1 | 119.00 | OK | |||
r-release-macos-x86_64 | 3.1.1 | 222.00 | OK | |||
r-release-windows-x86_64 | 3.1.1 | 54.00 | 238.00 | 292.00 | OK | |
r-oldrel-macos-arm64 | 3.1.1 | 108.00 | OK | |||
r-oldrel-macos-x86_64 | 3.1.1 | 193.00 | OK | |||
r-oldrel-windows-x86_64 | 3.1.1 | 68.00 | 288.00 | 356.00 | OK |
Version: 3.1.1
Check: HTML version of manual
Result: NOTE
Found the following HTML validation problems:
distances.html:48:1 (distances.Rd:11): Warning: missing </ul> before </div>
estimates.html:52:1 (estimates.Rd:13): Warning: missing </ul> before </div>
extract.html:50:1 (extract.Rd:12): Warning: missing </ul> before </div>
get_unrefined_balance.html:46:1 (get_unrefined_balance.Rd:10): Warning: missing </ul> before </div>
plot_matched_set.html:93:1 (plot_matched_set.Rd:39): Warning: missing </ul> before </div>
sub-.matched.set.html:59:1 (sub-.matched.set.Rd:16): Warning: missing </ul> before </div>
weights.html:48:1 (weights.Rd:11): Warning: missing </ul> before </div>
Flavor: r-devel-linux-x86_64-debian-gcc