Last updated on 2025-10-22 09:50:43 CEST.
Flavor | Version | Tinstall | Tcheck | Ttotal | Status | Flags |
---|---|---|---|---|---|---|
r-devel-linux-x86_64-debian-clang | 0.4.1 | 34.99 | 277.02 | 312.01 | NOTE | |
r-devel-linux-x86_64-debian-gcc | 0.4.1 | 20.88 | 169.30 | 190.18 | NOTE | |
r-devel-linux-x86_64-fedora-clang | 0.4.1 | 178.00 | 338.26 | 516.26 | OK | |
r-devel-linux-x86_64-fedora-gcc | 0.4.1 | 69.00 | 398.61 | 467.61 | OK | |
r-devel-windows-x86_64 | 0.4.1 | 31.00 | 211.00 | 242.00 | OK | |
r-patched-linux-x86_64 | 0.4.1 | 33.46 | 262.83 | 296.29 | OK | |
r-release-linux-x86_64 | 0.4.1 | 32.19 | 260.39 | 292.58 | OK | |
r-release-macos-arm64 | 0.4.1 | 13.00 | 94.00 | 107.00 | OK | |
r-release-macos-x86_64 | 0.4.1 | 46.00 | 350.00 | 396.00 | OK | |
r-release-windows-x86_64 | 0.4.1 | 32.00 | 211.00 | 243.00 | OK | |
r-oldrel-macos-arm64 | 0.4.1 | 12.00 | 94.00 | 106.00 | OK | |
r-oldrel-macos-x86_64 | 0.4.1 | 84.00 | 430.00 | 514.00 | OK | |
r-oldrel-windows-x86_64 | 0.4.1 | 42.00 | 293.00 | 335.00 | OK |
Version: 0.4.1
Check: HTML version of manual
Result: NOTE
Found the following HTML validation problems:
autoplot.osmtile.html:55:1 (autoplot.osmtile.Rd:14): Warning: missing </ul> before </div>
plot.osmtile.html:63:1 (plot.osmtile.Rd:18): Warning: missing </ul> before </div>
print.OpenStreetMap.html:51:1 (print.OpenStreetMap.Rd:12): Warning: missing </ul> before </div>
projectMercator.html:54:1 (projectMercator.Rd:14): Warning: missing </ul> before </div>
raster-osmtile-method.html:51:1 (raster-osmtile-method.Rd:12): Warning: missing </ul> before </div>
Flavors: r-devel-linux-x86_64-debian-clang, r-devel-linux-x86_64-debian-gcc