Last updated on 2025-11-10 10:51:31 CET.
| Flavor | Version | Tinstall | Tcheck | Ttotal | Status | Flags |
|---|---|---|---|---|---|---|
| r-devel-linux-x86_64-debian-clang | 1.0 | 71.16 | 336.83 | 407.99 | OK | |
| r-devel-linux-x86_64-debian-gcc | 1.0 | 41.66 | 205.98 | 247.64 | OK | |
| r-devel-linux-x86_64-fedora-clang | 1.0 | 327.00 | 365.15 | 692.15 | OK | |
| r-devel-linux-x86_64-fedora-gcc | 1.0 | 122.00 | 483.17 | 605.17 | OK | |
| r-devel-windows-x86_64 | 1.0 | 75.00 | 266.00 | 341.00 | OK | |
| r-patched-linux-x86_64 | 1.0 | 64.04 | 301.27 | 365.31 | OK | |
| r-release-linux-x86_64 | 1.0 | 65.65 | 307.30 | 372.95 | OK | |
| r-release-macos-arm64 | 1.0 | 26.00 | 123.00 | 149.00 | OK | |
| r-release-macos-x86_64 | 1.0 | 46.00 | 268.00 | 314.00 | OK | |
| r-release-windows-x86_64 | 1.0 | 72.00 | 259.00 | 331.00 | OK | |
| r-oldrel-macos-arm64 | 1.0 | 24.00 | 124.00 | 148.00 | NOTE | |
| r-oldrel-macos-x86_64 | 1.0 | 44.00 | 275.00 | 319.00 | NOTE | |
| r-oldrel-windows-x86_64 | 1.0 | 92.00 | 367.00 | 459.00 | NOTE |
Version: 1.0
Check: installed package size
Result: NOTE
installed size is 8.2Mb
sub-directories of 1Mb or more:
doc 2.7Mb
help 2.2Mb
libs 2.3Mb
Flavors: r-oldrel-macos-arm64, r-oldrel-macos-x86_64, r-oldrel-windows-x86_64