Last updated on 2025-10-21 09:48:39 CEST.
Flavor | Version | Tinstall | Tcheck | Ttotal | Status | Flags |
---|---|---|---|---|---|---|
r-devel-linux-x86_64-debian-clang | 0.0.4.0 | 3.90 | 129.41 | 133.31 | OK | |
r-devel-linux-x86_64-debian-gcc | 0.0.4.0 | 2.89 | 98.72 | 101.61 | NOTE | |
r-devel-linux-x86_64-fedora-clang | 0.0.4.0 | 224.68 | OK | |||
r-devel-linux-x86_64-fedora-gcc | 0.0.4.0 | 234.55 | OK | |||
r-devel-windows-x86_64 | 0.0.4.0 | 5.00 | 148.00 | 153.00 | OK | |
r-patched-linux-x86_64 | 0.0.4.0 | 4.30 | 143.92 | 148.22 | OK | |
r-release-linux-x86_64 | 0.0.4.0 | 3.65 | 145.11 | 148.76 | OK | |
r-release-macos-arm64 | 0.0.4.0 | 109.00 | OK | |||
r-release-macos-x86_64 | 0.0.4.0 | 226.00 | OK | |||
r-release-windows-x86_64 | 0.0.4.0 | 5.00 | 152.00 | 157.00 | OK | |
r-oldrel-macos-arm64 | 0.0.4.0 | 85.00 | OK | |||
r-oldrel-macos-x86_64 | 0.0.4.0 | 184.00 | OK | |||
r-oldrel-windows-x86_64 | 0.0.4.0 | 7.00 | 202.00 | 209.00 | OK |
Version: 0.0.4.0
Check: HTML version of manual
Result: NOTE
Found the following HTML validation problems:
print.mlob_result.html:52:1 (print.mlob_result.Rd:12): Warning: missing </ul> before </div>
se.html:50:1 (se.Rd:12): Warning: missing </ul> before </div>
summary.mlob_result.html:51:1 (summary.mlob_result.Rd:12): Warning: missing </ul> before </div>
Flavor: r-devel-linux-x86_64-debian-gcc