CRAN Package Check Results for Package MetricGraph

Last updated on 2025-11-11 10:50:06 CET.

Flavor Version Tinstall Tcheck Ttotal Status Flags
r-devel-linux-x86_64-debian-clang 1.5.0 85.41 238.74 324.15 OK
r-devel-linux-x86_64-debian-gcc 1.5.0 65.20 183.22 248.42 OK
r-devel-linux-x86_64-fedora-clang 1.5.0 325.00 205.08 530.08 OK
r-devel-linux-x86_64-fedora-gcc 1.5.0 152.00 386.74 538.74 OK
r-devel-windows-x86_64 1.5.0 87.00 233.00 320.00 OK
r-patched-linux-x86_64 1.5.0 83.97 230.99 314.96 OK
r-release-linux-x86_64 1.5.0 84.78 230.62 315.40 OK
r-release-macos-arm64 1.5.0 37.00 90.00 127.00 OK
r-release-macos-x86_64 1.5.0 54.00 174.00 228.00 OK
r-release-windows-x86_64 1.5.0 89.00 231.00 320.00 OK
r-oldrel-macos-arm64 1.5.0 34.00 100.00 134.00 NOTE
r-oldrel-macos-x86_64 1.5.0 60.00 210.00 270.00 NOTE
r-oldrel-windows-x86_64 1.5.0 116.00 312.00 428.00 OK

Check Details

Version: 1.5.0
Check: package dependencies
Result: NOTE Package suggested but not available for checking: ‘INLA’ Flavors: r-oldrel-macos-arm64, r-oldrel-macos-x86_64

Version: 1.5.0
Check: installed package size
Result: NOTE installed size is 14.4Mb sub-directories of 1Mb or more: R 1.1Mb libs 12.6Mb Flavors: r-oldrel-macos-arm64, r-oldrel-macos-x86_64