Last updated on 2025-10-21 09:48:34 CEST.
Flavor | Version | Tinstall | Tcheck | Ttotal | Status | Flags |
---|---|---|---|---|---|---|
r-devel-linux-x86_64-debian-clang | 1.2.0 | 1.65 | 60.35 | 62.00 | OK | |
r-devel-linux-x86_64-debian-gcc | 1.2.0 | 1.59 | 54.16 | 55.75 | NOTE | |
r-devel-linux-x86_64-fedora-clang | 1.2.0 | 93.13 | OK | |||
r-devel-linux-x86_64-fedora-gcc | 1.2.0 | 107.83 | OK | |||
r-devel-windows-x86_64 | 1.2.0 | 3.00 | 95.00 | 98.00 | OK | |
r-patched-linux-x86_64 | 1.2.0 | 2.17 | 76.02 | 78.19 | OK | |
r-release-linux-x86_64 | 1.2.0 | 1.95 | 75.95 | 77.90 | OK | |
r-release-macos-arm64 | 1.2.0 | 53.00 | OK | |||
r-release-macos-x86_64 | 1.2.0 | 107.00 | OK | |||
r-release-windows-x86_64 | 1.2.0 | 3.00 | 94.00 | 97.00 | OK | |
r-oldrel-macos-arm64 | 1.2.0 | 49.00 | OK | |||
r-oldrel-macos-x86_64 | 1.2.0 | 78.00 | OK | |||
r-oldrel-windows-x86_64 | 1.2.0 | 5.00 | 117.00 | 122.00 | OK |
Version: 1.2.0
Check: HTML version of manual
Result: NOTE
Found the following HTML validation problems:
Sigma.html:48:1 (Sigma.Rd:11): Warning: missing </ul> before </div>
X.html:47:1 (X.Rd:11): Warning: missing </ul> before </div>
Y.html:48:1 (Y.Rd:11): Warning: missing </ul> before </div>
Z.html:48:1 (Z.Rd:11): Warning: missing </ul> before </div>
lipcancer_Sigma.html:48:1 (lipcancer_Sigma.Rd:11): Warning: missing </ul> before </div>
lipcancer_X.html:47:1 (lipcancer_X.Rd:11): Warning: missing </ul> before </div>
lipcancer_Y.html:47:1 (lipcancer_Y.Rd:11): Warning: missing </ul> before </div>
lipcancer_Z.html:48:1 (lipcancer_Z.Rd:11): Warning: missing </ul> before </div>
lipcancer_offset.html:47:1 (lipcancer_offset.Rd:11): Warning: missing </ul> before </div>
Flavor: r-devel-linux-x86_64-debian-gcc