Last updated on 2025-10-21 09:48:33 CEST.
Flavor | Version | Tinstall | Tcheck | Ttotal | Status | Flags |
---|---|---|---|---|---|---|
r-devel-linux-x86_64-debian-clang | 0.6.0 | 7.73 | 122.19 | 129.92 | OK | |
r-devel-linux-x86_64-debian-gcc | 0.6.0 | 5.11 | 88.44 | 93.55 | NOTE | |
r-devel-linux-x86_64-fedora-clang | 0.6.0 | 179.63 | OK | |||
r-devel-linux-x86_64-fedora-gcc | 0.6.0 | 192.71 | OK | |||
r-devel-windows-x86_64 | 0.6.0 | 9.00 | 104.00 | 113.00 | OK | |
r-patched-linux-x86_64 | 0.6.0 | 7.58 | 114.50 | 122.08 | OK | |
r-release-linux-x86_64 | 0.6.0 | 6.95 | 114.63 | 121.58 | OK | |
r-release-macos-arm64 | 0.6.0 | 48.00 | OK | |||
r-release-macos-x86_64 | 0.6.0 | 96.00 | OK | |||
r-release-windows-x86_64 | 0.6.0 | 10.00 | 107.00 | 117.00 | OK | |
r-oldrel-macos-arm64 | 0.6.0 | 53.00 | OK | |||
r-oldrel-macos-x86_64 | 0.6.0 | 100.00 | OK | |||
r-oldrel-windows-x86_64 | 0.6.0 | 12.00 | 133.00 | 145.00 | OK |
Version: 0.6.0
Check: HTML version of manual
Result: NOTE
Found the following HTML validation problems:
limits.html:46:1 (limits.Rd:10): Warning: missing </ul> before </div>
outliers.html:46:1 (outliers.Rd:10): Warning: missing </ul> before </div>
phi.html:46:1 (phi.Rd:10): Warning: missing </ul> before </div>
source_data.html:46:1 (source_data.Rd:10): Warning: missing </ul> before </div>
tau2.html:46:1 (tau2.Rd:10): Warning: missing </ul> before </div>
Flavor: r-devel-linux-x86_64-debian-gcc