Last updated on 2025-11-10 10:51:24 CET.
| Flavor | Version | Tinstall | Tcheck | Ttotal | Status | Flags |
|---|---|---|---|---|---|---|
| r-devel-linux-x86_64-debian-clang | 1.20 | 12.20 | 135.05 | 147.25 | NOTE | |
| r-devel-linux-x86_64-debian-gcc | 1.20 | 8.72 | 94.05 | 102.77 | NOTE | |
| r-devel-linux-x86_64-fedora-clang | 1.20 | 31.00 | 194.34 | 225.34 | OK | |
| r-devel-linux-x86_64-fedora-gcc | 1.20 | 26.00 | 202.58 | 228.58 | OK | |
| r-devel-windows-x86_64 | 1.20 | 14.00 | 142.00 | 156.00 | OK | |
| r-patched-linux-x86_64 | 1.20 | 11.66 | 127.26 | 138.92 | OK | |
| r-release-linux-x86_64 | 1.20 | 12.81 | 126.49 | 139.30 | OK | |
| r-release-macos-arm64 | 1.20 | 6.00 | 60.00 | 66.00 | OK | |
| r-release-macos-x86_64 | 1.20 | 11.00 | 115.00 | 126.00 | OK | |
| r-release-windows-x86_64 | 1.20 | 14.00 | 138.00 | 152.00 | OK | |
| r-oldrel-macos-arm64 | 1.20 | 5.00 | 56.00 | 61.00 | OK | |
| r-oldrel-macos-x86_64 | 1.20 | 10.00 | 89.00 | 99.00 | OK | |
| r-oldrel-windows-x86_64 | 1.20 | 18.00 | 174.00 | 192.00 | OK |
Version: 1.20
Check: CRAN incoming feasibility
Result: NOTE
Maintainer: ‘Habil Zare <zare@u.washington.edu>’
No Authors@R field in DESCRIPTION.
Please add one, modifying
Authors@R: person(given = "Habil",
family = "Zare",
role = c("aut", "cre"),
email = "zare@u.washington.edu")
as necessary.
Package CITATION file contains call(s) to old-style citEntry(). Please
use bibentry() instead.
Flavors: r-devel-linux-x86_64-debian-clang, r-devel-linux-x86_64-debian-gcc