Last updated on 2025-10-21 09:48:30 CEST.
Flavor | Version | Tinstall | Tcheck | Ttotal | Status | Flags |
---|---|---|---|---|---|---|
r-devel-linux-x86_64-debian-clang | 0.6.1 | 72.75 | 375.58 | 448.33 | OK | |
r-devel-linux-x86_64-debian-gcc | 0.6.1 | 42.63 | 273.83 | 316.46 | NOTE | |
r-devel-linux-x86_64-fedora-clang | 0.6.1 | 788.31 | NOTE | |||
r-devel-linux-x86_64-fedora-gcc | 0.6.1 | 726.55 | NOTE | |||
r-devel-windows-x86_64 | 0.6.1 | 82.00 | 412.00 | 494.00 | OK | |
r-patched-linux-x86_64 | 0.6.1 | 68.64 | 366.03 | 434.67 | OK | |
r-release-linux-x86_64 | 0.6.1 | 70.36 | 364.67 | 435.03 | OK | |
r-release-macos-arm64 | 0.6.1 | 194.00 | OK | |||
r-release-macos-x86_64 | 0.6.1 | 410.00 | OK | |||
r-release-windows-x86_64 | 0.6.1 | 85.00 | 424.00 | 509.00 | OK | |
r-oldrel-macos-arm64 | 0.6.1 | 178.00 | OK | |||
r-oldrel-macos-x86_64 | 0.6.1 | 354.00 | OK | |||
r-oldrel-windows-x86_64 | 0.6.1 | 98.00 | 530.00 | 628.00 | OK |
Version: 0.6.1
Check: HTML version of manual
Result: NOTE
Found the following HTML validation problems:
dot-factor_corres.html:54:1 (dot-factor_corres.Rd:14): Warning: missing </ul> before </div>
dot-nest_sym.html:59:1 (dot-nest_sym.Rd:16): Warning: missing </ul> before </div>
dot-paf_iter.html:71:1 (dot-paf_iter.Rd:22): Warning: missing </ul> before </div>
dot-parallel_sim.html:63:1 (dot-parallel_sim.Rd:18): Warning: missing </ul> before </div>
plot.CD.html:51:1 (plot.CD.Rd:12): Warning: missing </ul> before </div>
Flavor: r-devel-linux-x86_64-debian-gcc
Version: 0.6.1
Check: dependencies in R code
Result: NOTE
Namespace in Imports field not imported from: ‘progress’
All declared Imports should be used.
Flavors: r-devel-linux-x86_64-fedora-clang, r-devel-linux-x86_64-fedora-gcc