Last updated on 2025-11-20 11:51:09 CET.
| Flavor | Version | Tinstall | Tcheck | Ttotal | Status | Flags |
|---|---|---|---|---|---|---|
| r-devel-linux-x86_64-debian-clang | 0.1.2 | 31.32 | 47.31 | 78.63 | OK | |
| r-devel-linux-x86_64-debian-gcc | 0.1.2 | 27.22 | 34.32 | 61.54 | OK | |
| r-devel-linux-x86_64-fedora-clang | 0.1.2 | 60.00 | 71.02 | 131.02 | OK | |
| r-devel-linux-x86_64-fedora-gcc | 0.1.2 | 57.00 | 96.41 | 153.41 | OK | |
| r-devel-windows-x86_64 | 0.1.2 | 46.00 | 80.00 | 126.00 | OK | |
| r-patched-linux-x86_64 | 0.1.2 | 34.93 | 44.42 | 79.35 | OK | |
| r-release-linux-x86_64 | 0.1.2 | 36.73 | 44.69 | 81.42 | OK | |
| r-release-macos-arm64 | 0.1.2 | OK | ||||
| r-release-macos-x86_64 | 0.1.2 | 21.00 | 70.00 | 91.00 | OK | |
| r-release-windows-x86_64 | 0.1.2 | 36.00 | 86.00 | 122.00 | OK | |
| r-oldrel-macos-arm64 | 0.1.2 | NOTE | ||||
| r-oldrel-macos-x86_64 | 0.1.2 | 15.00 | 57.00 | 72.00 | NOTE | |
| r-oldrel-windows-x86_64 | 0.1.2 | 49.00 | 100.00 | 149.00 | OK |
Version: 0.1.2
Check: installed package size
Result: NOTE
installed size is 6.3Mb
sub-directories of 1Mb or more:
libs 5.7Mb
Flavors: r-oldrel-macos-arm64, r-oldrel-macos-x86_64