Last updated on 2025-10-21 09:48:28 CEST.
| Flavor | Version | Tinstall | Tcheck | Ttotal | Status | Flags | 
|---|---|---|---|---|---|---|
| r-devel-linux-x86_64-debian-clang | 3.5.0 | 6.62 | 577.16 | 583.78 | OK | |
| r-devel-linux-x86_64-debian-gcc | 3.5.0 | 5.69 | 380.91 | 386.60 | NOTE | |
| r-devel-linux-x86_64-fedora-clang | 3.5.0 | 950.63 | OK | |||
| r-devel-linux-x86_64-fedora-gcc | 3.5.0 | 887.35 | OK | |||
| r-devel-windows-x86_64 | 3.5.0 | 9.00 | 348.00 | 357.00 | OK | |
| r-patched-linux-x86_64 | 3.5.0 | 7.51 | 545.09 | 552.60 | OK | |
| r-release-linux-x86_64 | 3.5.0 | 7.70 | 537.13 | 544.83 | OK | |
| r-release-macos-arm64 | 3.5.0 | 215.00 | OK | |||
| r-release-macos-x86_64 | 3.5.0 | 291.00 | OK | |||
| r-release-windows-x86_64 | 3.5.0 | 11.00 | 388.00 | 399.00 | OK | |
| r-oldrel-macos-arm64 | 3.5.0 | 228.00 | OK | |||
| r-oldrel-macos-x86_64 | 3.5.0 | 270.00 | OK | |||
| r-oldrel-windows-x86_64 | 3.5.0 | 15.00 | 521.00 | 536.00 | OK | 
Version: 3.5.0
Check: HTML version of manual
Result: NOTE
  Found the following HTML validation problems:
  ageGroupDoc.html:40:1 (ageGroupDoc.Rd:7): Warning: missing </ul> before </div>
  byConceptDoc.html:41:1 (byConceptDoc.Rd:8): Warning: missing </ul> before </div>
  bySexDoc.html:40:1 (bySexDoc.Rd:7): Warning: missing </ul> before </div>
  byYearDoc.html:40:1 (byYearDoc.Rd:7): Warning: missing </ul> before </div>
  cdmDoc.html:40:1 (cdmDoc.Rd:7): Warning: missing </ul> before </div>
  countByDoc.html:41:1 (countByDoc.Rd:8): Warning: missing </ul> before </div>
  domainDoc.html:43:1 (domainDoc.Rd:10): Warning: missing </ul> before </div>
  doseFormDoc.html:42:1 (doseFormDoc.Rd:9): Warning: missing </ul> before </div>
  doseUnitDoc.html:42:1 (doseUnitDoc.Rd:9): Warning: missing </ul> before </div>
  dot-optionsDoc.html:42:1 (dot-optionsDoc.Rd:9): Warning: missing </ul> before </div>
  groupColumnDoc.html:43:1 (groupColumnDoc.Rd:10): Warning: missing </ul> before </div>
  groupColumnStrataDoc.html:44:1 (groupColumnStrataDoc.Rd:11): Warning: missing </ul> before </div>
  headerDoc.html:45:1 (headerDoc.Rd:12): Warning: missing </ul> before </div>
  headerStrataDoc.html:46:1 (headerStrataDoc.Rd:13): Warning: missing </ul> before </div>
  hideDoc.html:43:1 (hideDoc.Rd:10): Warning: missing </ul> before </div>
  hideStrataDoc.html:44:1 (hideStrataDoc.Rd:11): Warning: missing </ul> before </div>
  includeDescendantsDoc.html:42:1 (includeDescendantsDoc.Rd:9): Warning: missing </ul> before </div>
  ingredientRangeDoc.html:44:1 (ingredientRangeDoc.Rd:11): Warning: missing </ul> before </div>
  keepOriginalDoc.html:41:1 (keepOriginalDoc.Rd:8): Warning: missing </ul> before </div>
  levelATCDoc.html:41:1 (levelATCDoc.Rd:8): Warning: missing </ul> before </div>
  levelICD10Doc.html:41:1 (levelICD10Doc.Rd:8): Warning: missing </ul> before </div>
  minimumCountDoc.html:40:1 (minimumCountDoc.Rd:7): Warning: missing </ul> before </div>
  nameStyleDoc.html:42:1 (nameStyleDoc.Rd:9): Warning: missing </ul> before </div>
  routeCategoryDoc.html:42:1 (routeCategoryDoc.Rd:9): Warning: missing </ul> before </div>
  standardConceptDoc.html:42:1 (standardConceptDoc.Rd:9): Warning: missing </ul> before </div>
  tableDoc.html:40:1 (tableDoc.Rd:7): Warning: missing </ul> before </div>
  typeBroadDoc.html:41:1 (typeBroadDoc.Rd:8): Warning: missing </ul> before </div>
  typeNarrowDoc.html:40:1 (typeNarrowDoc.Rd:7): Warning: missing </ul> before </div>
  typeTableDoc.html:41:1 (typeTableDoc.Rd:8): Warning: missing </ul> before </div>
  xDoc.html:40:1 (xDoc.Rd:7): Warning: missing </ul> before </div>
Flavor: r-devel-linux-x86_64-debian-gcc