Last updated on 2025-11-27 11:49:57 CET.
| Flavor | Version | Tinstall | Tcheck | Ttotal | Status | Flags |
|---|---|---|---|---|---|---|
| r-devel-linux-x86_64-debian-clang | 0.3.0 | 0.34 | 2.34 | 2.68 | ERROR | |
| r-devel-linux-x86_64-debian-gcc | 0.3.0 | 0.23 | 1.95 | 2.18 | ERROR | |
| r-devel-linux-x86_64-fedora-clang | 0.3.0 | 112.00 | 310.83 | 422.83 | OK | |
| r-devel-linux-x86_64-fedora-gcc | 0.3.0 | 88.00 | 307.37 | 395.37 | OK | |
| r-devel-windows-x86_64 | 0.3.0 | 26.00 | 183.00 | 209.00 | OK | |
| r-patched-linux-x86_64 | 0.3.0 | 0.33 | 1.77 | 2.10 | ERROR | |
| r-release-linux-x86_64 | 0.3.0 | 24.24 | 208.02 | 232.26 | OK | |
| r-release-macos-arm64 | 0.3.0 | OK | ||||
| r-release-macos-x86_64 | 0.3.0 | 25.00 | 185.00 | 210.00 | OK | |
| r-release-windows-x86_64 | 0.3.0 | 24.00 | 188.00 | 212.00 | OK | |
| r-oldrel-macos-arm64 | 0.3.0 | OK | ||||
| r-oldrel-macos-x86_64 | 0.3.0 | 25.00 | 165.00 | 190.00 | OK | |
| r-oldrel-windows-x86_64 | 0.3.0 | 34.00 | 234.00 | 268.00 | OK |
Version: 0.3.0
Check: package dependencies
Result: ERROR
Package required but not available: ‘geojsonsf’
See section ‘The DESCRIPTION file’ in the ‘Writing R Extensions’
manual.
Flavors: r-devel-linux-x86_64-debian-clang, r-devel-linux-x86_64-debian-gcc, r-patched-linux-x86_64