Last updated on 2025-10-21 09:48:25 CEST.
Flavor | Version | Tinstall | Tcheck | Ttotal | Status | Flags |
---|---|---|---|---|---|---|
r-devel-linux-x86_64-debian-clang | 1.0.2 | 2.16 | 26.54 | 28.70 | OK | |
r-devel-linux-x86_64-debian-gcc | 1.0.2 | 1.92 | 21.82 | 23.74 | NOTE | |
r-devel-linux-x86_64-fedora-clang | 1.0.2 | 42.64 | OK | |||
r-devel-linux-x86_64-fedora-gcc | 1.0.2 | 56.12 | OK | |||
r-devel-windows-x86_64 | 1.0.2 | 4.00 | 49.00 | 53.00 | OK | |
r-patched-linux-x86_64 | 1.0.2 | 2.40 | 24.33 | 26.73 | OK | |
r-release-linux-x86_64 | 1.0.2 | 2.33 | 24.23 | 26.56 | OK | |
r-release-macos-arm64 | 1.0.2 | 24.00 | OK | |||
r-release-macos-x86_64 | 1.0.2 | 43.00 | OK | |||
r-release-windows-x86_64 | 1.0.2 | 5.00 | 47.00 | 52.00 | OK | |
r-oldrel-macos-arm64 | 1.0.2 | 28.00 | OK | |||
r-oldrel-macos-x86_64 | 1.0.2 | 45.00 | OK | |||
r-oldrel-windows-x86_64 | 1.0.2 | 5.00 | 52.00 | 57.00 | OK |
Version: 1.0.2
Check: HTML version of manual
Result: NOTE
Found the following HTML validation problems:
get_cognitive_token.html:54:1 (get_cognitive_token.Rd:14): Warning: missing </ul> before </div>
Flavor: r-devel-linux-x86_64-debian-gcc