Last updated on 2025-10-21 09:48:52 CEST.
Flavor | Version | Tinstall | Tcheck | Ttotal | Status | Flags |
---|---|---|---|---|---|---|
r-devel-linux-x86_64-debian-clang | 0.2.0 | 2.49 | 36.25 | 38.74 | OK | |
r-devel-linux-x86_64-debian-gcc | 0.2.0 | 2.05 | 27.28 | 29.33 | NOTE | |
r-devel-linux-x86_64-fedora-clang | 0.2.0 | 62.99 | OK | |||
r-devel-linux-x86_64-fedora-gcc | 0.2.0 | 71.82 | OK | |||
r-devel-windows-x86_64 | 0.2.0 | 3.00 | 53.00 | 56.00 | OK | |
r-patched-linux-x86_64 | 0.2.0 | 2.37 | 33.80 | 36.17 | OK | |
r-release-linux-x86_64 | 0.2.0 | 2.74 | 34.24 | 36.98 | OK | |
r-release-macos-arm64 | 0.2.0 | 32.00 | OK | |||
r-release-macos-x86_64 | 0.2.0 | 50.00 | OK | |||
r-release-windows-x86_64 | 0.2.0 | 3.00 | 55.00 | 58.00 | OK | |
r-oldrel-macos-arm64 | 0.2.0 | 54.00 | OK | |||
r-oldrel-macos-x86_64 | 0.2.0 | 96.00 | OK | |||
r-oldrel-windows-x86_64 | 0.2.0 | 4.00 | 63.00 | 67.00 | OK |
Version: 0.2.0
Check: HTML version of manual
Result: NOTE
Found the following HTML validation problems:
Config.html:145:1 (Config.Rd:74): Warning: <h5> anchor "Usage" already defined
Config.html:161:1 (Config.Rd:84): Warning: <h5> anchor "Usage" already defined
Config.html:167:1 (Config.Rd:88): Warning: <h5> anchor "Arguments" already defined
Config.html:204:1 (Config.Rd:108): Warning: <h5> anchor "Usage" already defined
Config.html:214:1 (Config.Rd:116): Warning: <h5> anchor "Arguments" already defined
Config.html:234:1 (Config.Rd:130): Warning: <h5> anchor "Details" already defined
Config.html:242:1 (Config.Rd:135): Warning: <h5> anchor "Returns" already defined
Config.html:259:1 (Config.Rd:144): Warning: <h5> anchor "Usage" already defined
Config.html:270:1 (Config.Rd:153): Warning: <h5> anchor "Arguments" already defined
Config.html:292:1 (Config.Rd:169): Warning: <h5> anchor "Details" already defined
Config.html:300:1 (Config.Rd:174): Warning: <h5> anchor "Returns" already defined
Config.html:316:1 (Config.Rd:183): Warning: <h5> anchor "Usage" already defined
Config.html:322:1 (Config.Rd:187): Warning: <h5> anchor "Arguments" already defined
Config.html:344:1 (Config.Rd:203): Warning: <h5> anchor "Returns" already defined
Config.html:360:1 (Config.Rd:212): Warning: <h5> anchor "Usage" already defined
Config.html:366:1 (Config.Rd:216): Warning: <h5> anchor "Arguments" already defined
Config.html:390:1 (Config.Rd:234): Warning: <h5> anchor "Returns" already defined
Config.html:406:1 (Config.Rd:243): Warning: <h5> anchor "Usage" already defined
Config.html:412:1 (Config.Rd:247): Warning: <h5> anchor "Arguments" already defined
Config.html:432:1 (Config.Rd:261): Warning: <h5> anchor "Returns" already defined
Config.html:449:1 (Config.Rd:270): Warning: <h5> anchor "Usage" already defined
Config.html:455:1 (Config.Rd:274): Warning: <h5> anchor "Arguments" already defined
Flavor: r-devel-linux-x86_64-debian-gcc