Last updated on 2025-11-20 11:51:28 CET.
| Flavor | Version | Tinstall | Tcheck | Ttotal | Status | Flags |
|---|---|---|---|---|---|---|
| r-devel-linux-x86_64-debian-clang | 0.1.1 | 6.23 | 54.41 | 60.64 | OK | |
| r-devel-linux-x86_64-debian-gcc | 0.1.1 | 4.01 | 40.94 | 44.95 | OK | |
| r-devel-linux-x86_64-fedora-clang | 0.1.1 | 32.00 | 64.15 | 96.15 | OK | |
| r-devel-linux-x86_64-fedora-gcc | 0.1.1 | 27.00 | 64.30 | 91.30 | OK | |
| r-devel-windows-x86_64 | 0.1.1 | 9.00 | 65.00 | 74.00 | OK | |
| r-patched-linux-x86_64 | 0.1.1 | 5.73 | 50.89 | 56.62 | OK | |
| r-release-linux-x86_64 | 0.1.1 | 5.58 | 50.79 | 56.37 | OK | |
| r-release-macos-arm64 | 0.1.1 | OK | ||||
| r-release-macos-x86_64 | 0.1.1 | 5.00 | 50.00 | 55.00 | OK | |
| r-release-windows-x86_64 | 0.1.1 | 7.00 | 65.00 | 72.00 | OK | |
| r-oldrel-macos-arm64 | 0.1.1 | NOTE | ||||
| r-oldrel-macos-x86_64 | 0.1.1 | 4.00 | 38.00 | 42.00 | NOTE | |
| r-oldrel-windows-x86_64 | 0.1.1 | 10.00 | 78.00 | 88.00 | NOTE |
Version: 0.1.1
Check: LazyData
Result: NOTE
'LazyData' is specified without a 'data' directory
Flavors: r-oldrel-macos-arm64, r-oldrel-macos-x86_64, r-oldrel-windows-x86_64