CRAN Package Check Results for Package utilsIPEA

Last updated on 2025-11-10 11:49:27 CET.

Flavor Version Tinstall Tcheck Ttotal Status Flags
r-devel-linux-x86_64-debian-clang 0.0.6 4.86 38.88 43.74 OK
r-devel-linux-x86_64-debian-gcc 0.0.6 3.21 28.69 31.90 OK
r-devel-linux-x86_64-fedora-clang 0.0.6 63.83 NOTE
r-devel-linux-x86_64-fedora-gcc 0.0.6 60.37 NOTE
r-devel-windows-x86_64 0.0.6 8.00 53.00 61.00 OK
r-patched-linux-x86_64 0.0.6 3.76 34.92 38.68 OK
r-release-linux-x86_64 0.0.6 4.04 35.19 39.23 OK
r-release-macos-arm64 0.0.6 2.00 22.00 24.00 OK
r-release-macos-x86_64 0.0.6 3.00 37.00 40.00 OK
r-release-windows-x86_64 0.0.6 7.00 52.00 59.00 OK
r-oldrel-macos-arm64 0.0.6 2.00 21.00 23.00 OK
r-oldrel-macos-x86_64 0.0.6 3.00 30.00 33.00 OK
r-oldrel-windows-x86_64 0.0.6 8.00 62.00 70.00 OK

Check Details

Version: 0.0.6
Check: dependencies in R code
Result: NOTE Namespaces in Imports field not imported from: ‘RCurl’ ‘stringdist’ ‘utils’ All declared Imports should be used. Flavors: r-devel-linux-x86_64-fedora-clang, r-devel-linux-x86_64-fedora-gcc