Last updated on 2025-10-22 09:50:57 CEST.
Flavor | Version | Tinstall | Tcheck | Ttotal | Status | Flags |
---|---|---|---|---|---|---|
r-devel-linux-x86_64-debian-clang | 0.5.2 | 7.20 | 72.05 | 79.25 | NOTE | |
r-devel-linux-x86_64-debian-gcc | 0.5.2 | 5.10 | 49.37 | 54.47 | NOTE | |
r-devel-linux-x86_64-fedora-clang | 0.5.2 | 49.00 | 76.70 | 125.70 | NOTE | |
r-devel-linux-x86_64-fedora-gcc | 0.5.2 | 16.00 | 95.33 | 111.33 | NOTE | |
r-devel-windows-x86_64 | 0.5.2 | 11.00 | 85.00 | 96.00 | NOTE | |
r-patched-linux-x86_64 | 0.5.2 | 7.41 | 65.58 | 72.99 | NOTE | |
r-release-linux-x86_64 | 0.5.2 | 7.08 | 65.72 | 72.80 | NOTE | |
r-release-macos-arm64 | 0.5.2 | 3.00 | 25.00 | 28.00 | NOTE | |
r-release-macos-x86_64 | 0.5.2 | 5.00 | 47.00 | 52.00 | NOTE | |
r-release-windows-x86_64 | 0.5.2 | 9.00 | 88.00 | 97.00 | NOTE | |
r-oldrel-macos-arm64 | 0.5.2 | 3.00 | 28.00 | 31.00 | OK | |
r-oldrel-macos-x86_64 | 0.5.2 | 5.00 | 42.00 | 47.00 | OK | |
r-oldrel-windows-x86_64 | 0.5.2 | 12.00 | 103.00 | 115.00 | OK |
Version: 0.5.2
Check: DESCRIPTION meta-information
Result: NOTE
Missing dependency on R >= 4.1.0 because package code uses the pipe
|> or function shorthand \(...) syntax added in R 4.1.0.
File(s) using such syntax:
‘intersection_powerset.R’ ‘powerset_icounts.Rd’ ‘pr.R’ ‘pr.boot.Rd’
Flavors: r-devel-linux-x86_64-debian-clang, r-devel-linux-x86_64-debian-gcc, r-devel-linux-x86_64-fedora-clang, r-devel-linux-x86_64-fedora-gcc, r-devel-windows-x86_64, r-patched-linux-x86_64, r-release-linux-x86_64, r-release-macos-arm64, r-release-macos-x86_64, r-release-windows-x86_64
Version: 0.5.2
Check: HTML version of manual
Result: NOTE
Found the following HTML validation problems:
save_df_to_file.html:52:1 (save_df_to_file.Rd:12): Warning: missing </ul> before </div>
save_mat_to_file.html:51:1 (save_mat_to_file.Rd:12): Warning: missing </ul> before </div>
save_vector_to_file.html:57:1 (save_vector_to_file.Rd:15): Warning: missing </ul> before </div>
Flavors: r-devel-linux-x86_64-debian-clang, r-devel-linux-x86_64-debian-gcc