CRAN Package Check Results for Package tpAUC

Last updated on 2025-11-23 12:50:06 CET.

Flavor Version Tinstall Tcheck Ttotal Status Flags
r-devel-linux-x86_64-debian-clang 2.1.1 2.87 33.58 36.45 NOTE
r-devel-linux-x86_64-debian-gcc 2.1.1 2.18 25.72 27.90 NOTE
r-devel-linux-x86_64-fedora-clang 2.1.1 55.33 OK
r-devel-linux-x86_64-fedora-gcc 2.1.1 65.91 OK
r-devel-windows-x86_64 2.1.1 5.00 56.00 61.00 OK
r-patched-linux-x86_64 2.1.1 3.06 31.41 34.47 OK
r-release-linux-x86_64 2.1.1 2.78 31.62 34.40 OK
r-release-macos-arm64 2.1.1 OK
r-release-macos-x86_64 2.1.1 2.00 47.00 49.00 OK
r-release-windows-x86_64 2.1.1 3.00 73.00 76.00 OK
r-oldrel-macos-arm64 2.1.1 NOTE
r-oldrel-macos-x86_64 2.1.1 2.00 37.00 39.00 NOTE
r-oldrel-windows-x86_64 2.1.1 4.00 62.00 66.00 NOTE

Check Details

Version: 2.1.1
Check: CRAN incoming feasibility
Result: NOTE Maintainer: ‘Xiang Lyu <lyu17@purdue.edu>’ No Authors@R field in DESCRIPTION. Please add one, modifying Authors@R: c(person(given = "Hanfang", family = "Yang", role = "aut"), person(given = "Kun", family = "Lu", role = "aut"), person(given = "Xiang", family = "Lyu", role = c("aut", "cre"), email = "lyu17@purdue.edu"), person(given = "Feifang", family = "Hu", role = "aut"), person(given = "Yichuan", family = "Zhao", role = "aut")) as necessary. Flavors: r-devel-linux-x86_64-debian-clang, r-devel-linux-x86_64-debian-gcc

Version: 2.1.1
Check: LazyData
Result: NOTE 'LazyData' is specified without a 'data' directory Flavors: r-oldrel-macos-arm64, r-oldrel-macos-x86_64, r-oldrel-windows-x86_64