Last updated on 2025-11-27 11:50:19 CET.
| Flavor | Version | Tinstall | Tcheck | Ttotal | Status | Flags |
|---|---|---|---|---|---|---|
| r-devel-linux-x86_64-debian-clang | 0.1.5 | 12.31 | 38.08 | 50.39 | NOTE | |
| r-devel-linux-x86_64-debian-gcc | 0.1.5 | 9.23 | 28.68 | 37.91 | NOTE | |
| r-devel-linux-x86_64-fedora-clang | 0.1.5 | 44.00 | 39.50 | 83.50 | NOTE | |
| r-devel-linux-x86_64-fedora-gcc | 0.1.5 | 70.00 | 13.56 | 83.56 | NOTE | |
| r-devel-windows-x86_64 | 0.1.5 | 21.00 | 75.00 | 96.00 | NOTE | |
| r-patched-linux-x86_64 | 0.1.5 | 12.46 | 35.92 | 48.38 | NOTE | |
| r-release-linux-x86_64 | 0.1.5 | 13.36 | 35.63 | 48.99 | NOTE | |
| r-release-macos-arm64 | 0.1.5 | NOTE | ||||
| r-release-macos-x86_64 | 0.1.5 | 11.00 | 44.00 | 55.00 | NOTE | |
| r-release-windows-x86_64 | 0.1.5 | 16.00 | 84.00 | 100.00 | NOTE | |
| r-oldrel-macos-arm64 | 0.1.5 | NOTE | ||||
| r-oldrel-macos-x86_64 | 0.1.5 | 9.00 | 35.00 | 44.00 | NOTE | |
| r-oldrel-windows-x86_64 | 0.1.5 | 22.00 | 90.00 | 112.00 | NOTE |
Version: 0.1.5
Check: CRAN incoming feasibility
Result: NOTE
Maintainer: ‘Kasper Welbers <kasperwelbers@gmail.com>’
No Authors@R field in DESCRIPTION.
Please add one, modifying
Authors@R: c(person(given = "Kasper",
family = "Welbers",
role = c("aut", "cre"),
email = "kasperwelbers@gmail.com"),
person(given = "Wouter",
family = "van Atteveldt",
role = "aut"))
as necessary.
Flavors: r-devel-linux-x86_64-debian-clang, r-devel-linux-x86_64-debian-gcc
Version: 0.1.5
Check: C++ specification
Result: NOTE
Specified C++11: please drop specification unless essential
Flavors: r-devel-linux-x86_64-debian-clang, r-devel-linux-x86_64-debian-gcc, r-devel-windows-x86_64, r-patched-linux-x86_64, r-release-linux-x86_64, r-release-macos-arm64, r-release-macos-x86_64, r-release-windows-x86_64, r-oldrel-macos-arm64, r-oldrel-macos-x86_64, r-oldrel-windows-x86_64
Version: 0.1.5
Check: C++ specification
Result: NOTE
Specified C++11: support will be removed soon
Flavors: r-devel-linux-x86_64-fedora-clang, r-devel-linux-x86_64-fedora-gcc