Last updated on 2025-11-11 11:53:36 CET.
| Flavor | Version | Tinstall | Tcheck | Ttotal | Status | Flags |
|---|---|---|---|---|---|---|
| r-devel-linux-x86_64-debian-clang | 0.1.0 | 6.43 | 149.49 | 155.92 | NOTE | |
| r-devel-linux-x86_64-debian-gcc | 0.1.0 | 5.89 | 105.51 | 111.40 | NOTE | |
| r-devel-linux-x86_64-fedora-clang | 0.1.0 | 18.00 | 231.03 | 249.03 | NOTE | |
| r-devel-linux-x86_64-fedora-gcc | 0.1.0 | 16.00 | 309.34 | 325.34 | NOTE | |
| r-devel-windows-x86_64 | 0.1.0 | 9.00 | 151.00 | 160.00 | NOTE | |
| r-patched-linux-x86_64 | 0.1.0 | 6.42 | 149.47 | 155.89 | NOTE | |
| r-release-linux-x86_64 | 0.1.0 | 5.79 | 143.18 | 148.97 | NOTE | |
| r-release-macos-arm64 | 0.1.0 | 3.00 | 85.00 | 88.00 | NOTE | |
| r-release-macos-x86_64 | 0.1.0 | 5.00 | 178.00 | 183.00 | NOTE | |
| r-release-windows-x86_64 | 0.1.0 | 9.00 | 150.00 | 159.00 | NOTE | |
| r-oldrel-macos-arm64 | 0.1.0 | 3.00 | 78.00 | 81.00 | NOTE | |
| r-oldrel-macos-x86_64 | 0.1.0 | 4.00 | 135.00 | 139.00 | NOTE | |
| r-oldrel-windows-x86_64 | 0.1.0 | 12.00 | 191.00 | 203.00 | NOTE |
Version: 0.1.0
Check: Rd files
Result: NOTE
checkRd: (-1) partition_undirected_graph.Rd:20: Lost braces; missing escapes or markup?
20 | \item{cutoff}{Numeric. The value max(0, g_{i,j} - cutoff) so that there are <\code{.num_components}> components in the graph.}
| ^
Flavors: r-devel-linux-x86_64-debian-clang, r-devel-linux-x86_64-debian-gcc, r-devel-linux-x86_64-fedora-clang, r-devel-linux-x86_64-fedora-gcc, r-devel-windows-x86_64, r-patched-linux-x86_64, r-release-linux-x86_64, r-release-macos-arm64, r-release-macos-x86_64, r-release-windows-x86_64, r-oldrel-macos-arm64, r-oldrel-macos-x86_64, r-oldrel-windows-x86_64