CRAN Package Check Results for Package testtwice

Last updated on 2025-10-01 10:50:03 CEST.

Flavor Version Tinstall Tcheck Ttotal Status Flags
r-devel-linux-x86_64-debian-clang 1.0.3 1.86 22.50 24.36 NOTE
r-devel-linux-x86_64-debian-gcc 1.0.3 1.57 17.95 19.52 NOTE
r-devel-linux-x86_64-fedora-clang 1.0.3 34.83 OK
r-devel-linux-x86_64-fedora-gcc 1.0.3 34.69 OK
r-devel-windows-x86_64 1.0.3 3.00 48.00 51.00 OK
r-patched-linux-x86_64 1.0.3 1.93 21.17 23.10 OK
r-release-linux-x86_64 1.0.3 1.87 21.40 23.27 OK
r-release-macos-arm64 1.0.3 17.00 OK
r-release-macos-x86_64 1.0.3 26.00 OK
r-release-windows-x86_64 1.0.3 2.00 48.00 50.00 OK
r-oldrel-macos-arm64 1.0.3 16.00 OK
r-oldrel-macos-x86_64 1.0.3 23.00 OK
r-oldrel-windows-x86_64 1.0.3 3.00 49.00 52.00 OK

Check Details

Version: 1.0.3
Check: CRAN incoming feasibility
Result: NOTE Maintainer: ‘Paul R. Rosenbaum <rosenbaum@wharton.upenn.edu>’ No Authors@R field in DESCRIPTION. Please add one, modifying Authors@R: person(given = c("Paul", "R."), family = "Rosenbaum", role = c("aut", "cre"), email = "rosenbaum@wharton.upenn.edu") as necessary. Flavors: r-devel-linux-x86_64-debian-clang, r-devel-linux-x86_64-debian-gcc