Last updated on 2025-11-21 09:49:19 CET.
| Flavor | Version | Tinstall | Tcheck | Ttotal | Status | Flags |
|---|---|---|---|---|---|---|
| r-devel-linux-x86_64-debian-clang | 2.4.5 | 5.49 | 52.78 | 58.27 | OK | |
| r-devel-linux-x86_64-debian-gcc | 2.4.5 | 5.30 | 39.03 | 44.33 | OK | |
| r-devel-linux-x86_64-fedora-clang | 2.4.5 | 12.00 | 79.61 | 91.61 | OK | |
| r-devel-linux-x86_64-fedora-gcc | 2.4.5 | 15.00 | 67.59 | 82.59 | OK | |
| r-devel-windows-x86_64 | 2.4.5 | 13.00 | 84.00 | 97.00 | OK | |
| r-patched-linux-x86_64 | 2.4.5 | 7.67 | 49.90 | 57.57 | OK | |
| r-release-linux-x86_64 | 2.4.5 | 6.87 | 49.11 | 55.98 | OK | |
| r-release-macos-arm64 | 2.4.5 | OK | ||||
| r-release-macos-x86_64 | 2.4.5 | 5.00 | 46.00 | 51.00 | OK | |
| r-release-windows-x86_64 | 2.4.5 | 9.00 | 84.00 | 93.00 | OK | |
| r-oldrel-macos-arm64 | 2.4.5 | NOTE | ||||
| r-oldrel-macos-x86_64 | 2.4.5 | 5.00 | 38.00 | 43.00 | NOTE | |
| r-oldrel-windows-x86_64 | 2.4.5 | 11.00 | 91.00 | 102.00 | NOTE |
Version: 2.4.5
Check: LazyData
Result: NOTE
'LazyData' is specified without a 'data' directory
Flavors: r-oldrel-macos-arm64, r-oldrel-macos-x86_64, r-oldrel-windows-x86_64