Last updated on 2025-11-22 09:50:08 CET.
| Flavor | Version | Tinstall | Tcheck | Ttotal | Status | Flags |
|---|---|---|---|---|---|---|
| r-devel-linux-x86_64-debian-clang | 0.1.1 | 231.08 | 87.78 | 318.86 | OK | |
| r-devel-linux-x86_64-debian-gcc | 0.1.1 | 160.66 | 73.38 | 234.04 | OK | |
| r-devel-linux-x86_64-fedora-clang | 0.1.1 | 331.00 | 185.86 | 516.86 | OK | |
| r-devel-linux-x86_64-fedora-gcc | 0.1.1 | 240.00 | 298.42 | 538.42 | OK | |
| r-devel-windows-x86_64 | 0.1.1 | 254.00 | 165.00 | 419.00 | OK | |
| r-patched-linux-x86_64 | 0.1.1 | 239.16 | 93.22 | 332.38 | OK | |
| r-release-linux-x86_64 | 0.1.1 | 228.93 | 93.78 | 322.71 | OK | |
| r-release-macos-arm64 | 0.2.0 | 2.00 | 5.00 | 7.00 | ERROR | |
| r-release-macos-x86_64 | 0.1.1 | 78.00 | 80.00 | 158.00 | OK | |
| r-release-windows-x86_64 | 0.1.1 | 214.00 | 162.00 | 376.00 | OK | |
| r-oldrel-macos-arm64 | 0.2.0 | 3.00 | 13.00 | 16.00 | ERROR | |
| r-oldrel-macos-x86_64 | 0.1.1 | 140.00 | 124.00 | 264.00 | NOTE | |
| r-oldrel-windows-x86_64 | 0.1.1 | 204.00 | 193.00 | 397.00 | OK |
Version: 0.2.0
Check: whether package can be installed
Result: ERROR
Installation failed.
Flavors: r-release-macos-arm64, r-oldrel-macos-arm64
Version: 0.1.1
Check: installed package size
Result: NOTE
installed size is 34.3Mb
sub-directories of 1Mb or more:
libs 33.4Mb
Flavor: r-oldrel-macos-x86_64