CRAN Package Check Results for Package spherepc

Last updated on 2025-11-15 11:50:59 CET.

Flavor Version Tinstall Tcheck Ttotal Status Flags
r-devel-linux-x86_64-debian-clang 0.1.7 5.85 52.78 58.63 NOTE
r-devel-linux-x86_64-debian-gcc 0.1.7 4.34 42.56 46.90 NOTE
r-devel-linux-x86_64-fedora-clang 0.1.7 12.00 78.86 90.86 OK
r-devel-linux-x86_64-fedora-gcc 0.1.7 27.00 64.56 91.56 OK
r-devel-windows-x86_64 0.1.7 11.00 67.00 78.00 OK
r-patched-linux-x86_64 0.1.7 5.74 51.06 56.80 OK
r-release-linux-x86_64 0.1.7 4.94 50.28 55.22 OK
r-release-macos-arm64 0.1.7 3.00 27.00 30.00 OK
r-release-macos-x86_64 0.1.7 4.00 37.00 41.00 OK
r-release-windows-x86_64 0.1.7 9.00 67.00 76.00 OK
r-oldrel-macos-arm64 0.1.7 3.00 25.00 28.00 OK
r-oldrel-macos-x86_64 0.1.7 5.00 36.00 41.00 OK
r-oldrel-windows-x86_64 0.1.7 8.00 82.00 90.00 OK

Check Details

Version: 0.1.7
Check: CRAN incoming feasibility
Result: NOTE Maintainer: ‘Jongmin Lee <jongminlee9218@gmail.com>’ The Description field contains H.-S. (2020) <arXiv:2003.02578>. Please refer to arXiv e-prints via their arXiv DOI <doi:10.48550/arXiv.YYMM.NNNNN>. Flavors: r-devel-linux-x86_64-debian-clang, r-devel-linux-x86_64-debian-gcc