Last updated on 2024-06-10 10:58:54 CEST.
Flavor | Version | Tinstall | Tcheck | Ttotal | Status | Flags |
---|---|---|---|---|---|---|
r-devel-linux-x86_64-debian-clang | 1.8.0 | 11.21 | 158.80 | 170.01 | OK | |
r-devel-linux-x86_64-debian-gcc | 1.8.0 | 7.81 | 113.62 | 121.43 | OK | |
r-devel-linux-x86_64-fedora-clang | 1.8.0 | 211.07 | NOTE | |||
r-devel-linux-x86_64-fedora-gcc | 1.8.0 | 229.14 | OK | |||
r-devel-windows-x86_64 | 1.8.0 | 9.00 | 125.00 | 134.00 | OK | |
r-patched-linux-x86_64 | 1.8.0 | 11.13 | 152.10 | 163.23 | OK | |
r-release-linux-x86_64 | 1.8.0 | 9.75 | 151.46 | 161.21 | OK | |
r-release-macos-arm64 | 1.8.0 | 61.00 | OK | |||
r-release-macos-x86_64 | 1.8.0 | 128.00 | OK | |||
r-release-windows-x86_64 | 1.8.0 | 9.00 | 127.00 | 136.00 | OK | |
r-oldrel-macos-arm64 | 1.8.0 | 87.00 | OK | |||
r-oldrel-macos-x86_64 | 1.8.0 | 164.00 | OK | |||
r-oldrel-windows-x86_64 | 1.8.0 | 11.00 | 138.00 | 149.00 | OK |
Version: 1.8.0
Check: Rd cross-references
Result: NOTE
Undeclared package ‘mice’ in Rd xrefs
Flavor: r-devel-linux-x86_64-fedora-clang