Last updated on 2025-11-20 11:51:25 CET.
| Flavor | Version | Tinstall | Tcheck | Ttotal | Status | Flags |
|---|---|---|---|---|---|---|
| r-devel-linux-x86_64-debian-clang | 1.0.1 | 21.74 | 519.99 | 541.73 | OK | |
| r-devel-linux-x86_64-debian-gcc | 1.0.1 | 14.89 | 324.18 | 339.07 | OK | |
| r-devel-linux-x86_64-fedora-clang | 1.0.1 | 103.00 | 789.93 | 892.93 | ERROR | |
| r-devel-linux-x86_64-fedora-gcc | 1.0.1 | 87.00 | 756.48 | 843.48 | ERROR | |
| r-devel-windows-x86_64 | 1.0.1 | 29.00 | 509.00 | 538.00 | OK | |
| r-patched-linux-x86_64 | 1.0.1 | 20.71 | 478.51 | 499.22 | OK | |
| r-release-linux-x86_64 | 1.0.1 | 19.47 | 475.42 | 494.89 | OK | |
| r-release-macos-arm64 | 1.0.1 | OK | ||||
| r-release-macos-x86_64 | 1.0.1 | 17.00 | 527.00 | 544.00 | OK | |
| r-release-windows-x86_64 | 1.0.1 | 27.00 | 501.00 | 528.00 | OK | |
| r-oldrel-macos-arm64 | 1.0.1 | OK | ||||
| r-oldrel-macos-x86_64 | 1.0.1 | 14.00 | 532.00 | 546.00 | OK | |
| r-oldrel-windows-x86_64 | 1.0.1 | 35.00 | 673.00 | 708.00 | OK |
Version: 1.0.1
Check: tests
Result: ERROR
Running ‘testthat.R’ [408s/434s]
Running the tests in ‘tests/testthat.R’ failed.
Complete output:
> library(testthat)
> library(simtrial)
>
> test_check("simtrial")
Backend uses sequential processing.
Backend uses sequential processing.
Backend uses sequential processing.
Backend uses sequential processing.
Using 2 cores with backend multisession
Backend uses sequential processing.
Backend uses sequential processing.
Backend uses sequential processing.
Backend uses sequential processing.
Backend uses sequential processing.
Backend uses sequential processing.
Backend uses sequential processing.
Backend uses sequential processing.
Backend uses sequential processing.
Backend uses sequential processing.
Using 2 cores with backend multisession
Backend uses sequential processing.
Backend uses sequential processing.
Backend uses sequential processing.
Saving _problems/test-unvalidated-sim_gs_n-709.R
Backend uses sequential processing.
Backend uses sequential processing.
Backend uses sequential processing.
[ FAIL 1 | WARN 1 | SKIP 0 | PASS 261 ]
══ Failed tests ════════════════════════════════════════════════════════════════
── Failure ('test-unvalidated-sim_gs_n.R:709:3'): Updating bounds changes the simulation results ──
Expected `observed` to equal `expected`.
Differences:
`actual[[2]]`: -1.705270818 0.960128637 2.004752100
`expected[[2]]`: -1.705270817 0.960128638 2.004752253
[ FAIL 1 | WARN 1 | SKIP 0 | PASS 261 ]
Error:
! Test failures.
Execution halted
Flavor: r-devel-linux-x86_64-fedora-clang
Version: 1.0.1
Check: tests
Result: ERROR
Running ‘testthat.R’ [361s/398s]
Running the tests in ‘tests/testthat.R’ failed.
Complete output:
> library(testthat)
> library(simtrial)
>
> test_check("simtrial")
Backend uses sequential processing.
Backend uses sequential processing.
Backend uses sequential processing.
Backend uses sequential processing.
Using 2 cores with backend multisession
Backend uses sequential processing.
Backend uses sequential processing.
Backend uses sequential processing.
Backend uses sequential processing.
Backend uses sequential processing.
Backend uses sequential processing.
Backend uses sequential processing.
Backend uses sequential processing.
Backend uses sequential processing.
Backend uses sequential processing.
Using 2 cores with backend multisession
Backend uses sequential processing.
Backend uses sequential processing.
Backend uses sequential processing.
Saving _problems/test-unvalidated-sim_gs_n-709.R
Backend uses sequential processing.
Backend uses sequential processing.
Backend uses sequential processing.
[ FAIL 1 | WARN 1 | SKIP 0 | PASS 261 ]
══ Failed tests ════════════════════════════════════════════════════════════════
── Failure ('test-unvalidated-sim_gs_n.R:709:3'): Updating bounds changes the simulation results ──
Expected `observed` to equal `expected`.
Differences:
`actual[[2]]`: -1.705270818 0.960128637 2.004752100
`expected[[2]]`: -1.705270817 0.960128638 2.004752253
[ FAIL 1 | WARN 1 | SKIP 0 | PASS 261 ]
Error:
! Test failures.
Execution halted
Flavor: r-devel-linux-x86_64-fedora-gcc