Last updated on 2025-11-15 11:50:58 CET.
| Flavor | Version | Tinstall | Tcheck | Ttotal | Status | Flags |
|---|---|---|---|---|---|---|
| r-devel-linux-x86_64-debian-clang | 1.0.0 | 7.50 | 64.49 | 71.99 | NOTE | |
| r-devel-linux-x86_64-debian-gcc | 1.0.0 | 5.83 | 47.17 | 53.00 | NOTE | |
| r-devel-linux-x86_64-fedora-clang | 1.0.0 | 17.00 | 93.76 | 110.76 | OK | |
| r-devel-linux-x86_64-fedora-gcc | 1.0.0 | 33.00 | 78.52 | 111.52 | OK | |
| r-devel-windows-x86_64 | 1.0.0 | 13.00 | 72.00 | 85.00 | OK | |
| r-patched-linux-x86_64 | 1.0.0 | 7.51 | 60.47 | 67.98 | OK | |
| r-release-linux-x86_64 | 1.0.0 | 6.11 | 61.13 | 67.24 | OK | |
| r-release-macos-arm64 | 1.0.0 | 5.00 | 35.00 | 40.00 | OK | |
| r-release-macos-x86_64 | 1.0.0 | 8.00 | 55.00 | 63.00 | OK | |
| r-release-windows-x86_64 | 1.0.0 | 9.00 | 72.00 | 81.00 | OK | |
| r-oldrel-macos-arm64 | 1.0.0 | 3.00 | 26.00 | 29.00 | NOTE | |
| r-oldrel-macos-x86_64 | 1.0.0 | 4.00 | 44.00 | 48.00 | NOTE | |
| r-oldrel-windows-x86_64 | 1.0.0 | 11.00 | 90.00 | 101.00 | NOTE |
Version: 1.0.0
Check: CRAN incoming feasibility
Result: NOTE
Maintainer: ‘Waldir Leoncio <waldir.leoncio@gmail.com>’
No Authors@R field in DESCRIPTION.
Please add one, modifying
Authors@R: person(given = "Waldir",
family = "Leoncio",
role = c("aut", "cre"),
email = "waldir.leoncio@gmail.com")
as necessary.
Flavors: r-devel-linux-x86_64-debian-clang, r-devel-linux-x86_64-debian-gcc
Version: 1.0.0
Check: LazyData
Result: NOTE
'LazyData' is specified without a 'data' directory
Flavors: r-oldrel-macos-arm64, r-oldrel-macos-x86_64, r-oldrel-windows-x86_64