Last updated on 2025-11-15 11:50:58 CET.
| Flavor | Version | Tinstall | Tcheck | Ttotal | Status | Flags |
|---|---|---|---|---|---|---|
| r-devel-linux-x86_64-debian-clang | 0.9.1 | 16.25 | 138.48 | 154.73 | OK | |
| r-devel-linux-x86_64-debian-gcc | 0.9.1 | 9.02 | 93.91 | 102.93 | OK | |
| r-devel-linux-x86_64-fedora-clang | 0.9.1 | 81.00 | 168.34 | 249.34 | OK | |
| r-devel-linux-x86_64-fedora-gcc | 0.9.1 | 29.00 | 218.09 | 247.09 | OK | |
| r-devel-windows-x86_64 | 0.9.1 | 19.00 | 150.00 | 169.00 | OK | |
| r-patched-linux-x86_64 | 0.9.0 | 13.92 | 130.12 | 144.04 | OK | |
| r-release-linux-x86_64 | 0.9.0 | 16.11 | 130.14 | 146.25 | OK | |
| r-release-macos-arm64 | 0.9.1 | 7.00 | 64.00 | 71.00 | OK | |
| r-release-macos-x86_64 | 0.9.1 | 26.00 | 173.00 | 199.00 | OK | |
| r-release-windows-x86_64 | 0.9.1 | 19.00 | 138.00 | 157.00 | OK | |
| r-oldrel-macos-arm64 | 0.9.1 | 6.00 | 70.00 | 76.00 | NOTE | |
| r-oldrel-macos-x86_64 | 0.9.1 | 24.00 | 161.00 | 185.00 | NOTE | |
| r-oldrel-windows-x86_64 | 0.9.0 | 26.00 | 167.00 | 193.00 | NOTE |
Version: 0.9.1
Check: package dependencies
Result: NOTE
Package suggested but not available for checking: ‘cmdstanr’
Flavors: r-oldrel-macos-arm64, r-oldrel-macos-x86_64
Version: 0.9.0
Check: package dependencies
Result: NOTE
Package suggested but not available for checking: 'cmdstanr'
Flavor: r-oldrel-windows-x86_64