Last updated on 2025-11-21 09:49:17 CET.
| Flavor | Version | Tinstall | Tcheck | Ttotal | Status | Flags |
|---|---|---|---|---|---|---|
| r-devel-linux-x86_64-debian-clang | 3.0.3 | 80.18 | 178.68 | 258.86 | OK | |
| r-devel-linux-x86_64-debian-gcc | 3.1.3 | 46.22 | 121.66 | 167.88 | OK | |
| r-devel-linux-x86_64-fedora-clang | 3.1.3 | 302.00 | 122.01 | 424.01 | OK | |
| r-devel-linux-x86_64-fedora-gcc | 3.1.3 | 300.00 | 115.10 | 415.10 | OK | |
| r-devel-windows-x86_64 | 3.0.3 | 77.00 | 247.00 | 324.00 | OK | |
| r-patched-linux-x86_64 | 3.1.3 | 69.28 | 162.72 | 232.00 | OK | |
| r-release-linux-x86_64 | 3.0.3 | 62.66 | 161.84 | 224.50 | OK | |
| r-release-macos-arm64 | 3.0.3 | 39.00 | 35.00 | 74.00 | OK | |
| r-release-macos-x86_64 | 3.1.3 | 79.00 | 169.00 | 248.00 | OK | |
| r-release-windows-x86_64 | 3.0.3 | 71.00 | 244.00 | 315.00 | OK | |
| r-oldrel-macos-arm64 | 3.1.3 | 19.00 | 10.00 | 29.00 | ERROR | |
| r-oldrel-macos-x86_64 | 3.1.3 | 127.00 | 184.00 | 311.00 | OK | |
| r-oldrel-windows-x86_64 | 3.0.3 | 97.00 | 268.00 | 365.00 | OK |
Version: 3.1.3
Check: whether package can be installed
Result: ERROR
Installation failed.
Flavor: r-oldrel-macos-arm64