Last updated on 2025-11-23 12:50:03 CET.
| Flavor | Version | Tinstall | Tcheck | Ttotal | Status | Flags |
|---|---|---|---|---|---|---|
| r-devel-linux-x86_64-debian-clang | 0.1.1 | 6.57 | 62.86 | 69.43 | NOTE | |
| r-devel-linux-x86_64-debian-gcc | 0.1.1 | 5.48 | 48.37 | 53.85 | NOTE | |
| r-devel-linux-x86_64-fedora-clang | 0.1.1 | 16.00 | 92.20 | 108.20 | NOTE | |
| r-devel-linux-x86_64-fedora-gcc | 0.1.1 | 16.00 | 102.15 | 118.15 | NOTE | |
| r-devel-windows-x86_64 | 0.1.1 | 11.00 | 70.00 | 81.00 | OK | |
| r-patched-linux-x86_64 | 0.1.1 | 8.10 | 60.66 | 68.76 | OK | |
| r-release-linux-x86_64 | 0.1.1 | 7.74 | 60.33 | 68.07 | OK | |
| r-release-macos-arm64 | 0.1.1 | OK | ||||
| r-release-macos-x86_64 | 0.1.1 | 6.00 | 62.00 | 68.00 | OK | |
| r-release-windows-x86_64 | 0.1.1 | 10.00 | 116.00 | 126.00 | OK | |
| r-oldrel-macos-arm64 | 0.1.1 | OK | ||||
| r-oldrel-macos-x86_64 | 0.1.1 | 6.00 | 61.00 | 67.00 | OK | |
| r-oldrel-windows-x86_64 | 0.1.1 | 11.00 | 90.00 | 101.00 | OK |
Version: 0.1.1
Check: CRAN incoming feasibility
Result: NOTE
Maintainer: ‘Duc Tran <duct@nevada.unr.edu>’
Package CITATION file contains call(s) to old-style personList() or
as.personList(). Please use c() on person objects instead.
Package CITATION file contains call(s) to old-style citEntry(). Please
use bibentry() instead.
Flavors: r-devel-linux-x86_64-debian-clang, r-devel-linux-x86_64-debian-gcc
Version: 0.1.1
Check: dependencies in R code
Result: NOTE
Namespace in Imports field not imported from: ‘markdown’
All declared Imports should be used.
Flavors: r-devel-linux-x86_64-fedora-clang, r-devel-linux-x86_64-fedora-gcc