CRAN Package Check Results for Package scDIFtest

Last updated on 2025-10-22 09:50:51 CEST.

Flavor Version Tinstall Tcheck Ttotal Status Flags
r-devel-linux-x86_64-debian-clang 0.1.1 9.81 139.36 149.17 OK
r-devel-linux-x86_64-debian-gcc 0.1.1 7.29 97.62 104.91 OK
r-devel-linux-x86_64-fedora-clang 0.1.1 25.00 209.31 234.31 OK
r-devel-linux-x86_64-fedora-gcc 0.1.1 21.00 217.48 238.48 OK
r-devel-windows-x86_64 0.1.1 12.00 138.00 150.00 OK
r-patched-linux-x86_64 0.1.1 10.19 133.60 143.79 OK
r-release-linux-x86_64 0.1.1 10.72 131.87 142.59 OK
r-release-macos-arm64 0.1.1 4.00 61.00 65.00 OK
r-release-macos-x86_64 0.1.1 14.00 150.00 164.00 OK
r-release-windows-x86_64 0.1.1 12.00 139.00 151.00 OK
r-oldrel-macos-arm64 0.1.1 4.00 57.00 61.00 NOTE
r-oldrel-macos-x86_64 0.1.1 6.00 85.00 91.00 NOTE
r-oldrel-windows-x86_64 0.1.1 16.00 175.00 191.00 NOTE

Check Details

Version: 0.1.1
Check: LazyData
Result: NOTE 'LazyData' is specified without a 'data' directory Flavors: r-oldrel-macos-arm64, r-oldrel-macos-x86_64, r-oldrel-windows-x86_64