Last updated on 2025-11-14 10:50:08 CET.
| Flavor | Version | Tinstall | Tcheck | Ttotal | Status | Flags |
|---|---|---|---|---|---|---|
| r-devel-linux-x86_64-debian-clang | 1.2.3 | 43.02 | 221.52 | 264.54 | OK | |
| r-devel-linux-x86_64-debian-gcc | 1.2.3 | 41.70 | 164.20 | 205.90 | OK | |
| r-devel-linux-x86_64-fedora-clang | 1.2.3 | 289.00 | 188.15 | 477.15 | OK | |
| r-devel-linux-x86_64-fedora-gcc | 1.2.3 | 132.00 | 326.26 | 458.26 | OK | |
| r-devel-windows-x86_64 | 1.2.3 | 54.00 | 145.00 | 199.00 | NOTE | |
| r-patched-linux-x86_64 | 1.2.3 | 53.76 | 217.89 | 271.65 | OK | |
| r-release-linux-x86_64 | 1.2.3 | 55.46 | 217.21 | 272.67 | OK | |
| r-release-macos-arm64 | 1.2.3 | 23.00 | 64.00 | 87.00 | OK | |
| r-release-macos-x86_64 | 1.2.3 | 53.00 | 199.00 | 252.00 | OK | |
| r-release-windows-x86_64 | 1.2.3 | 60.00 | 193.00 | 253.00 | NOTE | |
| r-oldrel-macos-arm64 | 1.2.3 | 19.00 | 69.00 | 88.00 | NOTE | |
| r-oldrel-macos-x86_64 | 1.2.3 | 42.00 | 195.00 | 237.00 | NOTE | |
| r-oldrel-windows-x86_64 | 1.2.3 | 74.00 | 264.00 | 338.00 | NOTE |
Version: 1.2.3
Check: whether startup messages can be suppressed
Result: NOTE
Torch libraries are installed but loading them was unsuccessful.
It looks like this package (or a package it requires) has a startup
message which cannot be suppressed: see ?packageStartupMessage.
Flavors: r-devel-windows-x86_64, r-release-windows-x86_64, r-oldrel-windows-x86_64
Version: 1.2.3
Check: installed package size
Result: NOTE
installed size is 7.4Mb
sub-directories of 1Mb or more:
data 4.1Mb
libs 3.0Mb
Flavors: r-oldrel-macos-arm64, r-oldrel-macos-x86_64