Last updated on 2025-11-23 12:50:02 CET.
| Flavor | Version | Tinstall | Tcheck | Ttotal | Status | Flags |
|---|---|---|---|---|---|---|
| r-devel-linux-x86_64-debian-clang | 0.1.0 | 5.64 | 48.71 | 54.35 | OK | |
| r-devel-linux-x86_64-debian-gcc | 0.1.0 | 4.29 | 35.83 | 40.12 | OK | |
| r-devel-linux-x86_64-fedora-clang | 0.1.0 | 14.00 | 66.56 | 80.56 | OK | |
| r-devel-linux-x86_64-fedora-gcc | 0.1.0 | 23.00 | 57.74 | 80.74 | OK | |
| r-devel-windows-x86_64 | 0.1.0 | 9.00 | 61.00 | 70.00 | OK | |
| r-patched-linux-x86_64 | 0.1.0 | 5.15 | 42.87 | 48.02 | OK | |
| r-release-linux-x86_64 | 0.1.0 | 4.35 | 42.93 | 47.28 | OK | |
| r-release-macos-arm64 | 0.1.0 | OK | ||||
| r-release-macos-x86_64 | 0.1.0 | 4.00 | 42.00 | 46.00 | OK | |
| r-release-windows-x86_64 | 0.1.0 | 8.00 | 105.00 | 113.00 | OK | |
| r-oldrel-macos-arm64 | 0.1.0 | NOTE | ||||
| r-oldrel-macos-x86_64 | 0.1.0 | 4.00 | 36.00 | 40.00 | NOTE | |
| r-oldrel-windows-x86_64 | 0.1.0 | 10.00 | 75.00 | 85.00 | NOTE |
Version: 0.1.0
Check: LazyData
Result: NOTE
'LazyData' is specified without a 'data' directory
Flavors: r-oldrel-macos-arm64, r-oldrel-macos-x86_64, r-oldrel-windows-x86_64