Last updated on 2025-11-10 10:51:38 CET.
| Flavor | Version | Tinstall | Tcheck | Ttotal | Status | Flags |
|---|---|---|---|---|---|---|
| r-devel-linux-x86_64-debian-clang | 1.0.1 | 48.50 | 117.34 | 165.84 | OK | |
| r-devel-linux-x86_64-debian-gcc | 1.0.1 | 38.52 | 86.82 | 125.34 | OK | |
| r-devel-linux-x86_64-fedora-clang | 1.0.1 | 97.00 | 174.33 | 271.33 | OK | |
| r-devel-linux-x86_64-fedora-gcc | 1.0.1 | 79.00 | 210.29 | 289.29 | OK | |
| r-devel-windows-x86_64 | 1.0.1 | 65.00 | 130.00 | 195.00 | OK | |
| r-patched-linux-x86_64 | 1.0.1 | 57.14 | 112.62 | 169.76 | OK | |
| r-release-linux-x86_64 | 1.0.1 | 53.43 | 113.40 | 166.83 | OK | |
| r-release-macos-arm64 | 1.0.1 | 21.00 | 53.00 | 74.00 | OK | |
| r-release-macos-x86_64 | 1.0.1 | 57.00 | 262.00 | 319.00 | OK | |
| r-release-windows-x86_64 | 1.0.1 | 64.00 | 130.00 | 194.00 | OK | |
| r-oldrel-macos-arm64 | 1.0.1 | 21.00 | 57.00 | 78.00 | NOTE | |
| r-oldrel-macos-x86_64 | 1.0.1 | 38.00 | 244.00 | 282.00 | NOTE | |
| r-oldrel-windows-x86_64 | 1.0.1 | 76.00 | 159.00 | 235.00 | OK |
Version: 1.0.1
Check: installed package size
Result: NOTE
installed size is 9.5Mb
sub-directories of 1Mb or more:
doc 2.8Mb
libs 6.0Mb
Flavors: r-oldrel-macos-arm64, r-oldrel-macos-x86_64