Last updated on 2025-11-02 11:50:33 CET.
| Flavor | Version | Tinstall | Tcheck | Ttotal | Status | Flags |
|---|---|---|---|---|---|---|
| r-devel-linux-x86_64-debian-clang | 0.4.1 | 14.09 | 93.26 | 107.35 | OK | |
| r-devel-linux-x86_64-debian-gcc | 0.4.1 | 9.10 | 66.13 | 75.23 | OK | |
| r-devel-linux-x86_64-fedora-clang | 0.4.1 | 31.00 | 131.90 | 162.90 | OK | |
| r-devel-linux-x86_64-fedora-gcc | 0.4.1 | 49.00 | 114.46 | 163.46 | OK | |
| r-devel-windows-x86_64 | 0.4.1 | 14.00 | 103.00 | 117.00 | OK | |
| r-patched-linux-x86_64 | 0.4.1 | 12.94 | 88.66 | 101.60 | OK | |
| r-release-linux-x86_64 | 0.4.1 | 9.88 | 88.07 | 97.95 | OK | |
| r-release-macos-arm64 | 0.4.1 | 5.00 | 36.00 | 41.00 | OK | |
| r-release-macos-x86_64 | 0.4.1 | 10.00 | 60.00 | 70.00 | OK | |
| r-release-windows-x86_64 | 0.4.1 | 16.00 | 100.00 | 116.00 | OK | |
| r-oldrel-macos-arm64 | 0.4.1 | 5.00 | 35.00 | 40.00 | NOTE | |
| r-oldrel-macos-x86_64 | 0.4.1 | 8.00 | 49.00 | 57.00 | NOTE | |
| r-oldrel-windows-x86_64 | 0.4.1 | 19.00 | 131.00 | 150.00 | NOTE |
Version: 0.4.1
Check: LazyData
Result: NOTE
'LazyData' is specified without a 'data' directory
Flavors: r-oldrel-macos-arm64, r-oldrel-macos-x86_64, r-oldrel-windows-x86_64