Last updated on 2025-10-22 09:50:48 CEST.
Flavor | Version | Tinstall | Tcheck | Ttotal | Status | Flags |
---|---|---|---|---|---|---|
r-devel-linux-x86_64-debian-clang | 0.4.1 | 6.66 | 75.42 | 82.08 | NOTE | |
r-devel-linux-x86_64-debian-gcc | 0.4.1 | 5.34 | 55.78 | 61.12 | NOTE | |
r-devel-linux-x86_64-fedora-clang | 0.4.1 | 39.00 | 84.90 | 123.90 | OK | |
r-devel-linux-x86_64-fedora-gcc | 0.4.1 | 13.00 | 102.38 | 115.38 | OK | |
r-devel-windows-x86_64 | 0.4.1 | 8.00 | 83.00 | 91.00 | OK | |
r-patched-linux-x86_64 | 0.4.1 | 6.37 | 71.37 | 77.74 | OK | |
r-release-linux-x86_64 | 0.4.1 | 6.90 | 70.42 | 77.32 | OK | |
r-release-macos-arm64 | 0.4.1 | 4.00 | 34.00 | 38.00 | OK | |
r-release-macos-x86_64 | 0.4.1 | 6.00 | 62.00 | 68.00 | OK | |
r-release-windows-x86_64 | 0.4.1 | 8.00 | 83.00 | 91.00 | OK | |
r-oldrel-macos-arm64 | 0.4.1 | 3.00 | 41.00 | 44.00 | OK | |
r-oldrel-macos-x86_64 | 0.4.1 | 7.00 | 71.00 | 78.00 | OK | |
r-oldrel-windows-x86_64 | 0.4.1 | 10.00 | 104.00 | 114.00 | OK |
Version: 0.4.1
Check: HTML version of manual
Result: NOTE
Found the following HTML validation problems:
expandGrpVar.html:48:1 (expandGrpVar.Rd:12): Warning: missing </ul> before </div>
Flavors: r-devel-linux-x86_64-debian-clang, r-devel-linux-x86_64-debian-gcc