CRAN Package Check Results for Package readabs

Last updated on 2025-11-06 09:48:51 CET.

Flavor Version Tinstall Tcheck Ttotal Status Flags
r-devel-linux-x86_64-debian-clang 0.4.19 6.64 130.24 136.88 OK
r-devel-linux-x86_64-debian-gcc 0.4.19 4.05 80.31 84.36 OK
r-devel-linux-x86_64-fedora-clang 0.4.19 13.00 170.73 183.73 OK
r-devel-linux-x86_64-fedora-gcc 0.4.19 12.00 179.29 191.29 OK
r-devel-windows-x86_64 0.4.19 9.00 290.00 299.00 OK
r-patched-linux-x86_64 0.4.19 6.84 114.67 121.51 ERROR
r-release-linux-x86_64 0.4.19 6.06 121.05 127.11 OK
r-release-macos-arm64 0.4.19 2.00 67.00 69.00 OK
r-release-macos-x86_64 0.4.19 7.00 150.00 157.00 OK
r-release-windows-x86_64 0.4.19 11.00 263.00 274.00 OK
r-oldrel-macos-arm64 0.4.19 3.00 91.00 94.00 OK
r-oldrel-macos-x86_64 0.4.19 6.00 155.00 161.00 OK
r-oldrel-windows-x86_64 0.4.19 12.00 313.00 325.00 OK

Check Details

Version: 0.4.19
Check: tests
Result: ERROR Running ‘testthat.R’ [53s/302s] Running the tests in ‘tests/testthat.R’ failed. Complete output: > library(testthat) > library(readabs) Environment variable 'R_READABS_PATH' is unset. Downloaded files will be saved in a temporary directory. You can set 'R_READABS_PATH' at any time. To set it for the rest of this session, use Sys.setenv(R_READABS_PATH = <path>) > > test_check("readabs") trying URL 'https://www.abs.gov.au/statistics/people/population/national-state-and-territory-population/latest-release/3101059.xlsx' Content type 'application/vnd.openxmlformats-officedocument.spreadsheetml.sheet' length 199727 bytes (195 KB) ================================================== downloaded 195 KB trying URL 'https://www.abs.gov.au/statistics/people/population/national-state-and-territory-population/latest-release/3101051.xlsx' Content type 'application/vnd.openxmlformats-officedocument.spreadsheetml.sheet' length 194781 bytes (190 KB) ================================================== downloaded 190 KB trying URL 'https://www.abs.gov.au/statistics/people/population/national-state-and-territory-population/latest-release/3101052.xlsx' Content type 'application/vnd.openxmlformats-officedocument.spreadsheetml.sheet' length 194207 bytes (189 KB) ================================================== downloaded 189 KB trying URL 'https://www.abs.gov.au/statistics/people/population/national-state-and-territory-population/latest-release/3101053.xlsx' Content type 'application/vnd.openxmlformats-officedocument.spreadsheetml.sheet' length 191347 bytes (186 KB) ================================================== downloaded 186 KB trying URL 'https://www.abs.gov.au/statistics/people/population/national-state-and-territory-population/latest-release/3101054.xlsx' Content type 'application/vnd.openxmlformats-officedocument.spreadsheetml.sheet' length 187922 bytes (183 KB) ================================================== downloaded 183 KB trying URL 'https://www.abs.gov.au/statistics/people/population/national-state-and-territory-population/latest-release/3101055.xlsx' Content type 'application/vnd.openxmlformats-officedocument.spreadsheetml.sheet' length 188251 bytes (183 KB) ================================================== downloaded 183 KB trying URL 'https://www.abs.gov.au/statistics/people/population/national-state-and-territory-population/latest-release/3101056.xlsx' Content type 'application/vnd.openxmlformats-officedocument.spreadsheetml.sheet' length 181757 bytes (177 KB) ================================================== downloaded 177 KB trying URL 'https://www.abs.gov.au/statistics/people/population/national-state-and-territory-population/latest-release/3101057.xlsx' Content type 'application/vnd.openxmlformats-officedocument.spreadsheetml.sheet' length 174015 bytes (169 KB) ================================================== downloaded 169 KB trying URL 'https://www.abs.gov.au/statistics/people/population/national-state-and-territory-population/latest-release/3101058.xlsx' Content type 'application/vnd.openxmlformats-officedocument.spreadsheetml.sheet' length 178287 bytes (174 KB) ================================================== downloaded 174 KB trying URL 'https://www.abs.gov.au/statistics/people/population/national-state-and-territory-population/latest-release/310101.xlsx' Content type 'application/vnd.openxmlformats-officedocument.spreadsheetml.sheet' length 70998 bytes (69 KB) ================================================== downloaded 69 KB trying URL 'https://www.abs.gov.au/statistics/people/population/national-state-and-territory-population/latest-release/310102.xlsx' Content type 'application/vnd.openxmlformats-officedocument.spreadsheetml.sheet' length 93312 bytes (91 KB) ================================================== downloaded 91 KB trying URL 'https://www.abs.gov.au/statistics/people/population/national-state-and-territory-population/latest-release/310104.xlsx' Content type 'application/vnd.openxmlformats-officedocument.spreadsheetml.sheet' length 90312 bytes (88 KB) ================================================== downloaded 88 KB trying URL 'https://www.abs.gov.au/statistics/people/population/national-state-and-territory-population/latest-release/3101016a.xlsx' downloaded 59 KB trying URL 'https://www.abs.gov.au/statistics/people/population/national-state-and-territory-population/latest-release/3101016b.xlsx' downloaded 59 KB trying URL 'https://www.abs.gov.au/statistics/people/population/national-state-and-territory-population/latest-release/3101051.xlsx' Content type 'application/vnd.openxmlformats-officedocument.spreadsheetml.sheet' length 194781 bytes (190 KB) ================================================== downloaded 190 KB trying URL 'https://www.abs.gov.au/statistics/people/population/national-state-and-territory-population/latest-release/3101052.xlsx' Content type 'application/vnd.openxmlformats-officedocument.spreadsheetml.sheet' length 194207 bytes (189 KB) ================================================== downloaded 189 KB trying URL 'https://www.abs.gov.au/statistics/people/population/national-state-and-territory-population/latest-release/3101053.xlsx' Content type 'application/vnd.openxmlformats-officedocument.spreadsheetml.sheet' length 191347 bytes (186 KB) ================================================== downloaded 186 KB trying URL 'https://www.abs.gov.au/statistics/people/population/national-state-and-territory-population/latest-release/3101054.xlsx' Content type 'application/vnd.openxmlformats-officedocument.spreadsheetml.sheet' length 187922 bytes (183 KB) ================================================== downloaded 183 KB trying URL 'https://www.abs.gov.au/statistics/people/population/national-state-and-territory-population/latest-release/3101055.xlsx' Content type 'application/vnd.openxmlformats-officedocument.spreadsheetml.sheet' length 188251 bytes (183 KB) ================================================== downloaded 183 KB trying URL 'https://www.abs.gov.au/statistics/people/population/national-state-and-territory-population/latest-release/3101056.xlsx' Content type 'application/vnd.openxmlformats-officedocument.spreadsheetml.sheet' length 181757 bytes (177 KB) ================================================== downloaded 177 KB trying URL 'https://www.abs.gov.au/statistics/people/population/national-state-and-territory-population/latest-release/3101057.xlsx' Content type 'application/vnd.openxmlformats-officedocument.spreadsheetml.sheet' length 174015 bytes (169 KB) ================================================== downloaded 169 KB trying URL 'https://www.abs.gov.au/statistics/people/population/national-state-and-territory-population/latest-release/3101058.xlsx' Content type 'application/vnd.openxmlformats-officedocument.spreadsheetml.sheet' length 178287 bytes (174 KB) ================================================== downloaded 174 KB trying URL 'https://www.abs.gov.au/statistics/people/population/national-state-and-territory-population/latest-release/3101059.xlsx' Content type 'application/vnd.openxmlformats-officedocument.spreadsheetml.sheet' length 199727 bytes (195 KB) ================================================== downloaded 195 KB [ FAIL 1 | WARN 0 | SKIP 34 | PASS 97 ] ══ Skipped tests (34) ══════════════════════════════════════════════════════════ • On CRAN (34): 'test-abs_api.R:2:3', 'test-abs_api.R:16:3', 'test-abs_api.R:46:3', 'test-abs_api.R:55:3', 'test-check_latest_date.R:2:3', 'test-data-uptodate.R:2:3', 'test-data-uptodate.R:15:3', 'test-download-data-cube.r:4:3', 'test-download_abs.R:2:3', 'test-fst.R:2:3', 'test-get_available_files.r:2:3', 'test-individual-readabs-steps.R:2:3', 'test-match_tables.R:9:3', 'test-read_abs_url.R:2:3', 'test-read_awe.R:19:3', 'test-read_job_mobility.R:2:3', 'test-read_lfs_grossflows.R:2:3', 'test-read_payrolls.R:2:3', 'test-readabs.R:6:3', 'test-readabs.R:19:3', 'test-readabs.R:38:3', 'test-readabs.R:50:3', 'test-readabs.R:63:3', 'test-readabs.R:83:3', 'test-readabs.R:96:3', 'test-readabs.R:109:3', 'test-readabs.R:118:3', 'test-readabs.R:152:3', 'test-readabs.R:162:3', 'test-readabs.R:169:3', 'test-search_catalogues.R:19:3', 'test-separate_series.R:7:3', 'test-separate_series.R:54:3', 'test-show_available_catalogues.r:15:3' ══ Failed tests ════════════════════════════════════════════════════════════════ ── Error ('test-download_data_cube.R:7:3'): read_lfs_datacube ────────────────── Error in `utils::download.file(url = url, destfile = destfile, mode = "wb", quiet = quiet, headers = readabs_header, cacheOK = FALSE, method = method)`: download from 'https://www.abs.gov.au/statistics/labour/employment-and-unemployment/labour-force-australia-detailed/sep-2025/LM1.xlsx' failed Backtrace: ▆ 1. └─readabs::read_lfs_datacube("LM1") at test-download_data_cube.R:7:3 2. └─readabs::download_abs_data_cube(...) 3. └─readabs:::dl_file(file_download_url, filepath) 4. ├─base::suppressWarnings(...) 5. │ └─base::withCallingHandlers(...) 6. └─utils::download.file(...) [ FAIL 1 | WARN 0 | SKIP 34 | PASS 97 ] Error: Test failures Execution halted Flavor: r-patched-linux-x86_64