CRAN Package Check Results for Package rddensity

Last updated on 2025-10-22 09:50:48 CEST.

Flavor Version Tinstall Tcheck Ttotal Status Flags
r-devel-linux-x86_64-debian-clang 2.6 7.93 69.85 77.78 NOTE
r-devel-linux-x86_64-debian-gcc 2.6 5.18 48.55 53.73 NOTE
r-devel-linux-x86_64-fedora-clang 2.6 17.00 99.59 116.59 OK
r-devel-linux-x86_64-fedora-gcc 2.6 15.00 96.49 111.49 OK
r-devel-windows-x86_64 2.6 9.00 78.00 87.00 OK
r-patched-linux-x86_64 2.6 7.97 66.02 73.99 OK
r-release-linux-x86_64 2.6 7.40 63.78 71.18 OK
r-release-macos-arm64 2.6 3.00 24.00 27.00 OK
r-release-macos-x86_64 2.6 6.00 45.00 51.00 OK
r-release-windows-x86_64 2.6 11.00 85.00 96.00 OK
r-oldrel-macos-arm64 2.6 3.00 27.00 30.00 OK
r-oldrel-macos-x86_64 2.6 6.00 40.00 46.00 OK
r-oldrel-windows-x86_64 2.6 13.00 92.00 105.00 OK

Check Details

Version: 2.6
Check: HTML version of manual
Result: NOTE Found the following HTML validation problems: print.CJMrdbwdensity.html:47:1 (print.CJMrdbwdensity.Rd:10): Warning: missing </ul> before </div> print.CJMrddensity.html:47:1 (print.CJMrddensity.Rd:10): Warning: missing </ul> before </div> summary.CJMrdbwdensity.html:47:1 (summary.CJMrdbwdensity.Rd:10): Warning: missing </ul> before </div> summary.CJMrddensity.html:47:1 (summary.CJMrddensity.Rd:10): Warning: missing </ul> before </div> Flavors: r-devel-linux-x86_64-debian-clang, r-devel-linux-x86_64-debian-gcc