CRAN Package Check Results for Package rbi.helpers

Last updated on 2025-10-01 10:49:58 CEST.

Flavor Version Tinstall Tcheck Ttotal Status Flags
r-devel-linux-x86_64-debian-clang 0.4.1 8.47 82.11 90.58 OK
r-devel-linux-x86_64-debian-gcc 0.4.1 6.87 61.11 67.98 OK
r-devel-linux-x86_64-fedora-clang 0.4.1 151.06 OK
r-devel-linux-x86_64-fedora-gcc 0.4.1 161.54 OK
r-devel-windows-x86_64 0.4.1 11.00 85.00 96.00 OK
r-patched-linux-x86_64 0.4.0 8.62 77.09 85.71 NOTE
r-release-linux-x86_64 0.4.1 8.18 77.92 86.10 OK
r-release-macos-arm64 0.4.0 49.00 OK
r-release-macos-x86_64 0.4.1 134.00 OK
r-release-windows-x86_64 0.4.1 11.00 86.00 97.00 OK
r-oldrel-macos-arm64 0.4.1 46.00 OK
r-oldrel-macos-x86_64 0.4.1 136.00 OK
r-oldrel-windows-x86_64 0.4.1 13.00 105.00 118.00 OK

Check Details

Version: 0.4.0
Check: Rd cross-references
Result: NOTE Found the following Rd file(s) with Rd \link{} targets missing package anchors: acceptance_rate.Rd: libbi, get_traces adapt_particles.Rd: libbi adapt_proposal.Rd: libbi get_mvn_params.Rd: libbi numeric_to_time.Rd: libbi update_proposal.Rd: bi_model Please provide package anchors for all Rd \link{} targets not in the package itself and the base packages. Flavor: r-patched-linux-x86_64