Last updated on 2025-10-31 09:50:27 CET.
| Flavor | Version | Tinstall | Tcheck | Ttotal | Status | Flags | 
|---|---|---|---|---|---|---|
| r-devel-linux-x86_64-debian-clang | 1.9.8 | 35.62 | 158.82 | 194.44 | NOTE | |
| r-devel-linux-x86_64-debian-gcc | 1.9.8 | 20.89 | 103.71 | 124.60 | NOTE | |
| r-devel-linux-x86_64-fedora-clang | 1.9.8 | 87.00 | 217.11 | 304.11 | OK | |
| r-devel-linux-x86_64-fedora-gcc | 1.9.8 | 66.00 | 218.16 | 284.16 | OK | |
| r-devel-windows-x86_64 | 1.9.8 | 35.00 | 165.00 | 200.00 | OK | |
| r-patched-linux-x86_64 | 1.9.8 | 35.34 | 146.75 | 182.09 | OK | |
| r-release-linux-x86_64 | 1.9.8 | 34.74 | 146.39 | 181.13 | OK | |
| r-release-macos-arm64 | 1.9.8 | 14.00 | 53.00 | 67.00 | OK | |
| r-release-macos-x86_64 | 1.9.8 | 28.00 | 103.00 | 131.00 | OK | |
| r-release-windows-x86_64 | 1.9.8 | 40.00 | 167.00 | 207.00 | OK | |
| r-oldrel-macos-arm64 | 1.9.8 | 15.00 | 53.00 | 68.00 | OK | |
| r-oldrel-macos-x86_64 | 1.9.8 | 23.00 | 86.00 | 109.00 | OK | |
| r-oldrel-windows-x86_64 | 1.9.8 | 48.00 | 210.00 | 258.00 | OK | 
Version: 1.9.8
Check: CRAN incoming feasibility
Result: NOTE
  Maintainer: ‘Sacha Epskamp <mail@sachaepskamp.com>’
  
  The BugReports field in DESCRIPTION has
    https://github.com/SachaEpskamp/qgraph
  which should likely be
    https://github.com/SachaEpskamp/qgraph/issues
  instead.
Flavors: r-devel-linux-x86_64-debian-clang, r-devel-linux-x86_64-debian-gcc