CRAN Package Check Results for Package promptr

Last updated on 2025-11-02 11:50:31 CET.

Flavor Version Tinstall Tcheck Ttotal Status Flags
r-devel-linux-x86_64-debian-clang 1.0.0 1.53 22.92 24.45 NOTE
r-devel-linux-x86_64-debian-gcc 1.0.0 1.50 18.78 20.28 NOTE
r-devel-linux-x86_64-fedora-clang 1.0.0 34.89 NOTE
r-devel-linux-x86_64-fedora-gcc 1.0.0 34.88 NOTE
r-devel-windows-x86_64 1.0.0 4.00 42.00 46.00 NOTE
r-patched-linux-x86_64 1.0.0 2.07 20.27 22.34 NOTE
r-release-linux-x86_64 1.0.0 1.93 20.66 22.59 NOTE
r-release-macos-arm64 1.0.0 1.00 16.00 17.00 NOTE
r-release-macos-x86_64 1.0.0 2.00 23.00 25.00 NOTE
r-release-windows-x86_64 1.0.0 4.00 40.00 44.00 NOTE
r-oldrel-macos-arm64 1.0.0 1.00 16.00 17.00 OK
r-oldrel-macos-x86_64 1.0.0 2.00 26.00 28.00 OK
r-oldrel-windows-x86_64 1.0.0 5.00 48.00 53.00 OK

Check Details

Version: 1.0.0
Check: DESCRIPTION meta-information
Result: NOTE Missing dependency on R >= 4.1.0 because package code uses the pipe |> or function shorthand \(...) syntax added in R 4.1.0. File(s) using such syntax: ‘complete_chat.R’ ‘complete_prompt.R’ ‘format_prompt.R’ Flavors: r-devel-linux-x86_64-debian-clang, r-devel-linux-x86_64-debian-gcc, r-devel-linux-x86_64-fedora-clang, r-devel-linux-x86_64-fedora-gcc, r-devel-windows-x86_64, r-patched-linux-x86_64, r-release-linux-x86_64, r-release-macos-arm64, r-release-macos-x86_64, r-release-windows-x86_64