Last updated on 2025-07-10 10:52:03 CEST.
Flavor | Version | Tinstall | Tcheck | Ttotal | Status | Flags |
---|---|---|---|---|---|---|
r-devel-linux-x86_64-debian-clang | 0.2.0 | 15.63 | 212.93 | 228.56 | OK | |
r-devel-linux-x86_64-debian-gcc | 0.2.0 | 11.16 | 130.80 | 141.96 | OK | |
r-devel-linux-x86_64-fedora-clang | 0.2.0 | 366.43 | OK | |||
r-devel-linux-x86_64-fedora-gcc | 0.2.0 | 333.78 | OK | |||
r-devel-windows-x86_64 | 0.2.0 | 18.00 | 169.00 | 187.00 | OK | |
r-patched-linux-x86_64 | 0.2.0 | 15.08 | 181.56 | 196.64 | OK | |
r-release-linux-x86_64 | 0.2.0 | 14.24 | 182.17 | 196.41 | OK | |
r-release-macos-arm64 | 0.2.0 | 5.00 | ERROR | |||
r-release-macos-x86_64 | 0.2.0 | 6.00 | ERROR | |||
r-release-windows-x86_64 | 0.2.0 | 18.00 | 169.00 | 187.00 | OK | |
r-oldrel-macos-arm64 | 0.2.0 | 13.00 | ERROR | |||
r-oldrel-macos-x86_64 | 0.2.0 | 12.00 | ERROR | |||
r-oldrel-windows-x86_64 | 0.2.0 | 24.00 | 226.00 | 250.00 | OK |
Version: 0.2.0
Check: package dependencies
Result: ERROR
Package required but not available: ‘glmSparseNet’
See section ‘The DESCRIPTION file’ in the ‘Writing R Extensions’
manual.
Flavors: r-release-macos-arm64, r-release-macos-x86_64, r-oldrel-macos-arm64, r-oldrel-macos-x86_64