Last updated on 2025-11-25 11:51:58 CET.
| Flavor | Version | Tinstall | Tcheck | Ttotal | Status | Flags |
|---|---|---|---|---|---|---|
| r-devel-linux-x86_64-debian-clang | 0.1.3 | 84.41 | 51.07 | 135.48 | OK | |
| r-devel-linux-x86_64-debian-gcc | 0.1.3 | 66.05 | 52.56 | 118.61 | OK | |
| r-devel-linux-x86_64-fedora-clang | 0.1.3 | 113.00 | 120.43 | 233.43 | OK | |
| r-devel-linux-x86_64-fedora-gcc | 0.1.3 | 279.00 | -16.26 | 262.74 | OK | |
| r-devel-windows-x86_64 | 0.1.3 | 94.00 | 88.00 | 182.00 | OK | |
| r-patched-linux-x86_64 | 0.1.3 | 87.23 | 53.52 | 140.75 | OK | |
| r-release-linux-x86_64 | 0.1.3 | 87.27 | 53.19 | 140.46 | OK | |
| r-release-macos-arm64 | 0.1.3 | OK | ||||
| r-release-macos-x86_64 | 0.1.3 | 39.00 | 47.00 | 86.00 | OK | |
| r-release-windows-x86_64 | 0.1.3 | 87.00 | 86.00 | 173.00 | OK | |
| r-oldrel-macos-arm64 | 0.1.3 | NOTE | ||||
| r-oldrel-macos-x86_64 | 0.1.3 | 32.00 | 45.00 | 77.00 | NOTE | |
| r-oldrel-windows-x86_64 | 0.1.3 | 101.00 | 106.00 | 207.00 | OK |
Version: 0.1.3
Check: installed package size
Result: NOTE
installed size is 19.4Mb
sub-directories of 1Mb or more:
libs 19.0Mb
Flavors: r-oldrel-macos-arm64, r-oldrel-macos-x86_64