Last updated on 2025-10-22 09:50:45 CEST.
Flavor | Version | Tinstall | Tcheck | Ttotal | Status | Flags |
---|---|---|---|---|---|---|
r-devel-linux-x86_64-debian-clang | 1.5-3 | 13.53 | 89.14 | 102.67 | NOTE | |
r-devel-linux-x86_64-debian-gcc | 1.5-3 | 9.25 | 60.03 | 69.28 | NOTE | |
r-devel-linux-x86_64-fedora-clang | 1.5-3 | 31.00 | 125.87 | 156.87 | OK | |
r-devel-linux-x86_64-fedora-gcc | 1.5-3 | 28.00 | 127.25 | 155.25 | OK | |
r-devel-windows-x86_64 | 1.5-3 | 14.00 | 99.00 | 113.00 | OK | |
r-patched-linux-x86_64 | 1.5-3 | 14.21 | 85.30 | 99.51 | OK | |
r-release-linux-x86_64 | 1.5-3 | 12.66 | 84.73 | 97.39 | OK | |
r-release-macos-arm64 | 1.5-3 | 7.00 | 45.00 | 52.00 | OK | |
r-release-macos-x86_64 | 1.5-3 | 13.00 | 75.00 | 88.00 | OK | |
r-release-windows-x86_64 | 1.5-3 | 15.00 | 99.00 | 114.00 | OK | |
r-oldrel-macos-arm64 | 1.5-3 | 6.00 | 36.00 | 42.00 | OK | |
r-oldrel-macos-x86_64 | 1.5-3 | 10.00 | 59.00 | 69.00 | OK | |
r-oldrel-windows-x86_64 | 1.5-3 | 21.00 | 121.00 | 142.00 | OK |
Version: 1.5-3
Check: CRAN incoming feasibility
Result: NOTE
Maintainer: ‘Ghislain Durif <gd.dev@libertymail.net>’
No Authors@R field in DESCRIPTION.
Please add one, modifying
Authors@R: c(person(given = "Anne-Laure",
family = "Boulesteix",
role = "aut",
email = "boulesteix@ibe.med.uni-muenchen.de"),
person(given = "Ghislain",
family = "Durif",
role = c("aut", "cre"),
email = "gd.dev@libertymail.net"),
person(given = "Sophie",
family = "Lambert-Lacroix",
role = "aut",
email = "sophie.lambert-lacroix@univ-grenoble-alpes.fr"),
person(given = "Julie",
family = "Peyre",
role = "aut",
email = "Julie.Peyre@univ-grenoble-alpes.fr"),
person(given = "Korbinian",
family = "Strimmer.",
role = "aut",
email = "k.strimmer@imperial.ac.uk"))
as necessary.
Flavors: r-devel-linux-x86_64-debian-clang, r-devel-linux-x86_64-debian-gcc